{"id":5,"date":"2017-07-21T16:56:06","date_gmt":"2017-07-21T14:56:06","guid":{"rendered":"http:\/\/www.wirbelwirrwarr.de\/?page_id=5"},"modified":"2023-03-13T10:56:03","modified_gmt":"2023-03-13T09:56:03","slug":"ueber-mich","status":"publish","type":"page","link":"https:\/\/www.wirbelwirrwarr.de\/index.php\/ueber-mich\/","title":{"rendered":"\u00dcber mich"},"content":{"rendered":"\n<p>Seid gegr\u00fc\u00dft, ihr alle unter euch! Ich bin Christin, Mutter von drei wundervollen Kindern, Ehefrau eines liebevollen Mannes, Absolventin einer ergotherapeutischen Ausbildung, Master-Psychologiestudentin, Kreativm\u00e4dchen f\u00fcr eine kleine Mannschaft wundervoller Kunden und dann und wann Sterbebegleiterin.<\/p>\n\n\n<div class=\"wp-block-image is-style-rounded\">\n<figure class=\"aligncenter size-large is-resized\"><img loading=\"lazy\" decoding=\"async\" src=\"https:\/\/www.wirbelwirrwarr.de\/wp-content\/uploads\/2023\/01\/2023-01-31-11_57_49.2740100-576x1024.jpg\" alt=\"\" class=\"wp-image-11124\" width=\"344\" height=\"610\" srcset=\"https:\/\/www.wirbelwirrwarr.de\/wp-content\/uploads\/2023\/01\/2023-01-31-11_57_49.2740100-169x300.jpg 169w, https:\/\/www.wirbelwirrwarr.de\/wp-content\/uploads\/2023\/01\/2023-01-31-11_57_49.2740100-768x1365.jpg 768w\" sizes=\"(max-width: 344px) 100vw, 344px\" \/><\/figure><\/div>\n\n\n<p>Mein Leben ist wie ein buntes Bilderbuch, zumindest von weiter weg betrachtet. Es gibt n\u00e4mlich ein ziemlich gro\u00dfes Aber, auch wenn es  nicht sofort erkennbar ist. Ich verrate es euch: Ich bin chronisch krank.<\/p>\n\n\n\n<h2 class=\"wp-block-heading\">Im Regen<\/h2>\n\n\n\n<p>Vor zehn Jahren begann der Regen, in dem unz\u00e4hlige \u00c4rzte mich stehen lie\u00dfen. Ich m\u00f6chte nicht schreiben, dass ich eine schlimme Krankheit habe, denn das erscheint mir viel zu absolut und noch dazu unn\u00f6tig theatralisch. Und laut Schulmedizinern habe ich die ja tats\u00e4chlich nicht. &#8222;Sie sind gesund&#8220;, sagten sie lange Zeit, weil es so auf ihren Laborzetteln stand &#8211; oder aber weil ich mit meinen kunterbunten Beschwerden schlichtweg unglaubw\u00fcrdig wirkte. <\/p>\n\n\n\n<p><span style=\"font-size: 1rem;\">Ob das der Grund war, weshalb sie mich f\u00fcr das, was ich habe, auslachten? Als ob meine Symptome eine Clownsmaske w\u00e4ren, die ich jederzeit abziehen k\u00f6nnte. Doch das kann ich nicht. Sie sind ein Teil von mir. Jeden Tag.&nbsp;<\/span><\/p>\n\n\n\n<h2 class=\"wp-block-heading\">Diagnose: Instabile Kopfgelenke <\/h2>\n\n\n\n<p><span style=\"font-size: 1rem;\">Erst seit 2018 hat meine Erkrankung endlich einen Namen. Genaugenommen wusste ich l\u00e4ngst davon, aber versucht mal, \u00c4rzte von einer selbst aufgestellten Diagnose zu \u00fcberzeugen. <\/span><\/p>\n\n\n\n<p>Sie tr\u00e4gt viele Namen, darunter die Abk\u00fcrzung CCI (kraniozervikale Instabilit\u00e4t) oder AAI (atlantoaxiale Instabilit\u00e4t) oder eindeutiger formuliert instabile Kopfgelenke &#8211; sozusagen ein Sechser im Lotto der unsichtbaren, nur schwer diagnostizierbaren, aggressiven und terroristischen <span style=\"font-size: 1rem;\">Krankheiten. <\/span>Verantwortlich daf\u00fcr ist bei mir eine Bindegewebserkrankung namens Hypermobility-Spectrum-Disorder (HSD).<\/p>\n\n\n\n<p><span style=\"font-size: 1rem;\">Doch gebeutelt zu sein hat auch etwas Gutes: Es zeigt mir, dass ich offenbar ziemlich robust bin. Und solange ich das bin, helfe ich &#8211; mir und anderen Betroffenen. <\/span><\/p>\n\n\n\n<h2 class=\"wp-block-heading\">Gesundheit steht jedem zu!<\/h2>\n\n\n\n<p>Lasst euch gesagt sein: <strong>Gesundheit ist ein unsagbar wichtiges Bed\u00fcrfnis und jeder Mensch auf dieser Welt hat darauf Anspruch.<\/strong> Dazu geh\u00f6rt, dass Kranken zugeh\u00f6rt wird. Dazu geh\u00f6rt, dass \u00c4rzte der Intuition ihrer Patienten Vertrauen schenken und sie ernst nehmen. Dazu geh\u00f6rt Mut. Dazu geh\u00f6rt Zusammenarbeit. Dazu geh\u00f6rt Verantwortung. Dazu geh\u00f6rt die Bereitschaft, neues Wissen anzuh\u00e4ufen. Dazu geh\u00f6rt, altes Wisse auszusortieren. Dazu geh\u00f6rt Zeit. Dazu geh\u00f6ren Niederlagen. Dazu geh\u00f6rt Trost. Und manchmal geh\u00f6rt dazu auch ein St\u00fcck Maulwurfskuchen. Und wenn man wirklich gesund werden will, geh\u00f6rt obendrein dazu, sich niemals aufzugeben.<\/p>\n\n\n\n<p>Dieser Blog ist f\u00fcr mich ein Paar Fl\u00fcgel, die ich mir \u00fcberziehen werde, sobald ich die Regenwolken \u00fcberfliegen m\u00f6chte. Ihr d\u00fcrft mitfliegen, wenn ihr wollt. \ud83d\ude42<\/p>\n\n\n\n<p>Alles Liebe!<\/p>\n\n\n\n<p>Christin <\/p>\n\n\n<div class=\"wp-block-image is-style-rounded\">\n<figure class=\"aligncenter size-large is-resized\"><img loading=\"lazy\" decoding=\"async\" src=\"https:\/\/www.wirbelwirrwarr.de\/wp-content\/uploads\/2022\/08\/IMG_20190511_095943-edited-scaled.jpg\" alt=\"\" class=\"wp-image-10448\" width=\"644\" height=\"483\" srcset=\"https:\/\/www.wirbelwirrwarr.de\/wp-content\/uploads\/2022\/08\/IMG_20190511_095943-edited-scaled.jpg 2560w, https:\/\/www.wirbelwirrwarr.de\/wp-content\/uploads\/2022\/08\/IMG_20190511_095943-edited-300x225.jpg 300w, https:\/\/www.wirbelwirrwarr.de\/wp-content\/uploads\/2022\/08\/IMG_20190511_095943-edited-1024x768.jpg 1024w, https:\/\/www.wirbelwirrwarr.de\/wp-content\/uploads\/2022\/08\/IMG_20190511_095943-edited-768x576.jpg 768w, https:\/\/www.wirbelwirrwarr.de\/wp-content\/uploads\/2022\/08\/IMG_20190511_095943-edited-1536x1152.jpg 1536w, https:\/\/www.wirbelwirrwarr.de\/wp-content\/uploads\/2022\/08\/IMG_20190511_095943-edited-2048x1536.jpg 2048w\" sizes=\"(max-width: 644px) 100vw, 644px\" \/><\/figure><\/div>\n\n\n<p><strong>PS: Ich bin keine \u00c4rztin, nur betroffen. Somit findet ihr hier lediglich Inspiration. Dieser Blog stellt keinen Arztersatz dar!<\/strong><\/p>\n\n\n\n<hr class=\"wp-block-separator has-alpha-channel-opacity\"\/>\n","protected":false},"excerpt":{"rendered":"<p>Seid gegr\u00fc\u00dft, ihr alle unter euch! Ich bin Christin, Mutter von drei wundervollen Kindern, Ehefrau eines liebevollen Mannes, Absolventin einer ergotherapeutischen Ausbildung, Master-Psychologiestudentin, Kreativm\u00e4dchen f\u00fcr eine kleine Mannschaft wundervoller Kunden und dann und wann Sterbebegleiterin. Mein Leben ist wie ein buntes Bilderbuch, zumindest von weiter weg betrachtet. Es gibt n\u00e4mlich ein ziemlich gro\u00dfes Aber, auch wenn es nicht sofort erkennbar ist. Ich verrate es euch: Ich bin chronisch krank. Im Regen Vor zehn Jahren begann der Regen, in dem unz\u00e4hlige \u00c4rzte mich stehen lie\u00dfen. Ich m\u00f6chte nicht schreiben, dass ich eine schlimme Krankheit habe, denn das erscheint mir viel [&hellip;]<\/p>\n","protected":false},"author":1,"featured_media":0,"parent":0,"menu_order":0,"comment_status":"closed","ping_status":"closed","template":"","meta":{"inline_featured_image":false,"footnotes":""},"yoast_head":"<!-- This site is optimized with the Yoast SEO plugin v21.8 - https:\/\/yoast.com\/wordpress\/plugins\/seo\/ -->\n<title>\u00dcber mich - wirbelwirrwarr<\/title>\n<meta name=\"description\" content=\"Seid gegr\u00fc\u00dft, ihr alle unter euch! Ich bin Christin und stehe fast t\u00e4glich unter dem Beschuss meiner unsichtbaren Krankheit CCI\/AAI.\" \/>\n<meta name=\"robots\" content=\"index, follow, max-snippet:-1, max-image-preview:large, max-video-preview:-1\" \/>\n<link rel=\"canonical\" href=\"https:\/\/www.wirbelwirrwarr.de\/index.php\/ueber-mich\/\" \/>\n<meta property=\"og:locale\" content=\"de_DE\" \/>\n<meta property=\"og:type\" content=\"article\" \/>\n<meta property=\"og:title\" content=\"\u00dcber mich - wirbelwirrwarr\" \/>\n<meta property=\"og:description\" content=\"Seid gegr\u00fc\u00dft, ihr alle unter euch! Ich bin Christin und stehe fast t\u00e4glich unter dem Beschuss meiner unsichtbaren Krankheit CCI\/AAI.\" \/>\n<meta property=\"og:url\" content=\"https:\/\/www.wirbelwirrwarr.de\/index.php\/ueber-mich\/\" \/>\n<meta property=\"og:site_name\" content=\"wirbelwirrwarr\" \/>\n<meta property=\"article:modified_time\" content=\"2023-03-13T09:56:03+00:00\" \/>\n<meta property=\"og:image\" content=\"https:\/\/www.wirbelwirrwarr.de\/wp-content\/uploads\/2023\/01\/2023-01-31-11_57_49.2740100-576x1024.jpg\" \/>\n<meta name=\"twitter:card\" content=\"summary_large_image\" \/>\n<meta name=\"twitter:label1\" content=\"Gesch\u00e4tzte Lesezeit\" \/>\n\t<meta name=\"twitter:data1\" content=\"2\u00a0Minuten\" \/>\n<script type=\"application\/ld+json\" class=\"yoast-schema-graph\">{\"@context\":\"https:\/\/schema.org\",\"@graph\":[{\"@type\":\"WebPage\",\"@id\":\"https:\/\/www.wirbelwirrwarr.de\/index.php\/ueber-mich\/\",\"url\":\"https:\/\/www.wirbelwirrwarr.de\/index.php\/ueber-mich\/\",\"name\":\"\u00dcber mich - wirbelwirrwarr\",\"isPartOf\":{\"@id\":\"https:\/\/www.wirbelwirrwarr.de\/#website\"},\"datePublished\":\"2017-07-21T14:56:06+00:00\",\"dateModified\":\"2023-03-13T09:56:03+00:00\",\"description\":\"Seid gegr\u00fc\u00dft, ihr alle unter euch! Ich bin Christin und stehe fast t\u00e4glich unter dem Beschuss meiner unsichtbaren Krankheit CCI\/AAI.\",\"breadcrumb\":{\"@id\":\"https:\/\/www.wirbelwirrwarr.de\/index.php\/ueber-mich\/#breadcrumb\"},\"inLanguage\":\"de\",\"potentialAction\":[{\"@type\":\"ReadAction\",\"target\":[\"https:\/\/www.wirbelwirrwarr.de\/index.php\/ueber-mich\/\"]}]},{\"@type\":\"BreadcrumbList\",\"@id\":\"https:\/\/www.wirbelwirrwarr.de\/index.php\/ueber-mich\/#breadcrumb\",\"itemListElement\":[{\"@type\":\"ListItem\",\"position\":1,\"name\":\"Startseite\",\"item\":\"https:\/\/www.wirbelwirrwarr.de\/\"},{\"@type\":\"ListItem\",\"position\":2,\"name\":\"\u00dcber mich\"}]},{\"@type\":\"WebSite\",\"@id\":\"https:\/\/www.wirbelwirrwarr.de\/#website\",\"url\":\"https:\/\/www.wirbelwirrwarr.de\/\",\"name\":\"wirbelwirrwarr\",\"description\":\"Wie eine unsichtbare Krankheit mein Leben bunt macht\",\"publisher\":{\"@id\":\"https:\/\/www.wirbelwirrwarr.de\/#organization\"},\"potentialAction\":[{\"@type\":\"SearchAction\",\"target\":{\"@type\":\"EntryPoint\",\"urlTemplate\":\"https:\/\/www.wirbelwirrwarr.de\/?s={search_term_string}\"},\"query-input\":\"required name=search_term_string\"}],\"inLanguage\":\"de\"},{\"@type\":\"Organization\",\"@id\":\"https:\/\/www.wirbelwirrwarr.de\/#organization\",\"name\":\"wirbelwirrwarr\",\"url\":\"https:\/\/www.wirbelwirrwarr.de\/\",\"logo\":{\"@type\":\"ImageObject\",\"inLanguage\":\"de\",\"@id\":\"https:\/\/www.wirbelwirrwarr.de\/#\/schema\/logo\/image\/\",\"url\":\"https:\/\/www.wirbelwirrwarr.de\/wp-content\/uploads\/2023\/02\/logoatlas9.svg\",\"contentUrl\":\"https:\/\/www.wirbelwirrwarr.de\/wp-content\/uploads\/2023\/02\/logoatlas9.svg\",\"caption\":\"wirbelwirrwarr\"},\"image\":{\"@id\":\"https:\/\/www.wirbelwirrwarr.de\/#\/schema\/logo\/image\/\"}}]}<\/script>\n<!-- \/ Yoast SEO plugin. -->","yoast_head_json":{"title":"\u00dcber mich - wirbelwirrwarr","description":"Seid gegr\u00fc\u00dft, ihr alle unter euch! Ich bin Christin und stehe fast t\u00e4glich unter dem Beschuss meiner unsichtbaren Krankheit CCI\/AAI.","robots":{"index":"index","follow":"follow","max-snippet":"max-snippet:-1","max-image-preview":"max-image-preview:large","max-video-preview":"max-video-preview:-1"},"canonical":"https:\/\/www.wirbelwirrwarr.de\/index.php\/ueber-mich\/","og_locale":"de_DE","og_type":"article","og_title":"\u00dcber mich - wirbelwirrwarr","og_description":"Seid gegr\u00fc\u00dft, ihr alle unter euch! Ich bin Christin und stehe fast t\u00e4glich unter dem Beschuss meiner unsichtbaren Krankheit CCI\/AAI.","og_url":"https:\/\/www.wirbelwirrwarr.de\/index.php\/ueber-mich\/","og_site_name":"wirbelwirrwarr","article_modified_time":"2023-03-13T09:56:03+00:00","og_image":[{"url":"https:\/\/www.wirbelwirrwarr.de\/wp-content\/uploads\/2023\/01\/2023-01-31-11_57_49.2740100-576x1024.jpg"}],"twitter_card":"summary_large_image","twitter_misc":{"Gesch\u00e4tzte Lesezeit":"2\u00a0Minuten"},"schema":{"@context":"https:\/\/schema.org","@graph":[{"@type":"WebPage","@id":"https:\/\/www.wirbelwirrwarr.de\/index.php\/ueber-mich\/","url":"https:\/\/www.wirbelwirrwarr.de\/index.php\/ueber-mich\/","name":"\u00dcber mich - wirbelwirrwarr","isPartOf":{"@id":"https:\/\/www.wirbelwirrwarr.de\/#website"},"datePublished":"2017-07-21T14:56:06+00:00","dateModified":"2023-03-13T09:56:03+00:00","description":"Seid gegr\u00fc\u00dft, ihr alle unter euch! Ich bin Christin und stehe fast t\u00e4glich unter dem Beschuss meiner unsichtbaren Krankheit CCI\/AAI.","breadcrumb":{"@id":"https:\/\/www.wirbelwirrwarr.de\/index.php\/ueber-mich\/#breadcrumb"},"inLanguage":"de","potentialAction":[{"@type":"ReadAction","target":["https:\/\/www.wirbelwirrwarr.de\/index.php\/ueber-mich\/"]}]},{"@type":"BreadcrumbList","@id":"https:\/\/www.wirbelwirrwarr.de\/index.php\/ueber-mich\/#breadcrumb","itemListElement":[{"@type":"ListItem","position":1,"name":"Startseite","item":"https:\/\/www.wirbelwirrwarr.de\/"},{"@type":"ListItem","position":2,"name":"\u00dcber mich"}]},{"@type":"WebSite","@id":"https:\/\/www.wirbelwirrwarr.de\/#website","url":"https:\/\/www.wirbelwirrwarr.de\/","name":"wirbelwirrwarr","description":"Wie eine unsichtbare Krankheit mein Leben bunt macht","publisher":{"@id":"https:\/\/www.wirbelwirrwarr.de\/#organization"},"potentialAction":[{"@type":"SearchAction","target":{"@type":"EntryPoint","urlTemplate":"https:\/\/www.wirbelwirrwarr.de\/?s={search_term_string}"},"query-input":"required name=search_term_string"}],"inLanguage":"de"},{"@type":"Organization","@id":"https:\/\/www.wirbelwirrwarr.de\/#organization","name":"wirbelwirrwarr","url":"https:\/\/www.wirbelwirrwarr.de\/","logo":{"@type":"ImageObject","inLanguage":"de","@id":"https:\/\/www.wirbelwirrwarr.de\/#\/schema\/logo\/image\/","url":"https:\/\/www.wirbelwirrwarr.de\/wp-content\/uploads\/2023\/02\/logoatlas9.svg","contentUrl":"https:\/\/www.wirbelwirrwarr.de\/wp-content\/uploads\/2023\/02\/logoatlas9.svg","caption":"wirbelwirrwarr"},"image":{"@id":"https:\/\/www.wirbelwirrwarr.de\/#\/schema\/logo\/image\/"}}]}},"_links":{"self":[{"href":"https:\/\/www.wirbelwirrwarr.de\/index.php\/wp-json\/wp\/v2\/pages\/5"}],"collection":[{"href":"https:\/\/www.wirbelwirrwarr.de\/index.php\/wp-json\/wp\/v2\/pages"}],"about":[{"href":"https:\/\/www.wirbelwirrwarr.de\/index.php\/wp-json\/wp\/v2\/types\/page"}],"author":[{"embeddable":true,"href":"https:\/\/www.wirbelwirrwarr.de\/index.php\/wp-json\/wp\/v2\/users\/1"}],"replies":[{"embeddable":true,"href":"https:\/\/www.wirbelwirrwarr.de\/index.php\/wp-json\/wp\/v2\/comments?post=5"}],"version-history":[{"count":77,"href":"https:\/\/www.wirbelwirrwarr.de\/index.php\/wp-json\/wp\/v2\/pages\/5\/revisions"}],"predecessor-version":[{"id":12930,"href":"https:\/\/www.wirbelwirrwarr.de\/index.php\/wp-json\/wp\/v2\/pages\/5\/revisions\/12930"}],"wp:attachment":[{"href":"https:\/\/www.wirbelwirrwarr.de\/index.php\/wp-json\/wp\/v2\/media?parent=5"}],"curies":[{"name":"wp","href":"https:\/\/api.w.org\/{rel}","templated":true}]}}