{"id":17219,"date":"2024-11-03T14:40:31","date_gmt":"2024-11-03T13:40:31","guid":{"rendered":"https:\/\/www.wirbelwirrwarr.de\/?page_id=17219"},"modified":"2024-11-03T14:40:31","modified_gmt":"2024-11-03T13:40:31","slug":"diagnose-3","status":"publish","type":"page","link":"https:\/\/www.wirbelwirrwarr.de\/index.php\/diagnose-3\/","title":{"rendered":"Diagnose"},"content":{"rendered":"\n<p>ME\/CFS l\u00e4sst sich anhand eines definierten Symptomkomplexes charakterisieren und mit Hilfe einer ausf\u00fchrlichen Anamnese diagnostizieren. ME\/CFS kann auch zusammen mit anderen Diagnosen bestehen, eine gr\u00fcndliche Differenzialdiagnostik ist jedoch in jedem Fall erforderlich, um gut  behandelbare Ursachen zu erkennen und zus\u00e4tzliche Belastungsfaktoren zu identifizieren. <br>Hier findet ihr eine \u00dcbersicht zu den Diagnosekriterien und M\u00f6glichkeiten zur Schweregradbeurteilung bei ME\/CFS. <\/p>\n\n\n\n<h2 class=\"wp-block-heading\"><strong>Die Kanadischen Konsenskriterien<\/strong><\/h2>\n\n\n\n<p><strong>Die Kanadischen Konsenskriterien<\/strong> sind ein diagnostisches Instrument f\u00fcr ME\/CFS. F\u00fcr eine Diagnose m\u00fcssen die Symptome bei Erwachsenen mindestens sechs Monate und bei Kindern mindestens drei Monate bestehen. Andere Erkrankungen, die \u00e4hnliche Beschwerden verursachen k\u00f6nnten, m\u00fcssen zudem ausgeschlossen werden. <\/p>\n\n\n\n<p>Der Kriterienkatalog umfasst die folgenden Symptomgruppen:<\/p>\n\n\n\n<ul>\n<li>Fatigue<\/li>\n\n\n\n<li>Belastungsintoleranz (PEM)<\/li>\n\n\n\n<li>Schlafst\u00f6rungen<\/li>\n\n\n\n<li>Schmerzen<\/li>\n\n\n\n<li>Neurologische und kognitive Symptome<\/li>\n\n\n\n<li>Autonome Symptome<\/li>\n\n\n\n<li>Neuroendokrine und immunologische Symptome<\/li>\n<\/ul>\n\n\n\n<div style=\"height:21px\" aria-hidden=\"true\" class=\"wp-block-spacer\"><\/div>\n\n\n\n<p><a href=\"https:\/\/cfc.charite.de\/fileadmin\/user_upload\/microsites\/kompetenzzentren\/cfc\/ZZ_alte_Dateien\/Landing_Page\/Kanadische_Kriterien_mitAuswertung.pdf\" target=\"_blank\" rel=\"noreferrer noopener\">Hier<\/a> finden geht&#8217;s zum Symptom-Fragebogen, der an der Charit\u00e9 in deutscher Sprache genutzt wird.<\/p>\n\n\n\n<h2 class=\"wp-block-heading\"><strong>Die Internationalen Konsenskriterien (ICC)<\/strong><\/h2>\n\n\n\n<p><strong>Die Internationalen Konsenskriterien (ICC)<\/strong> basieren auf den Kanadischen Konsenskriterien. Neben der Belastungsintoleranz (PENE) umfassen sie neurologische, immunologische\/gastrointestinale\/urogenitale Symptome sowie St\u00f6rungen der Energieproduktion und -verteilung. <\/p>\n\n\n\n<p><a href=\"https:\/\/onlinelibrary.wiley.com\/doi\/epdf\/10.1111\/j.1365-2796.2011.02428.x\" target=\"_blank\" rel=\"noreferrer noopener\">Hier<\/a> geht&#8217;s zum Fachartikel.<\/p>\n\n\n\n<h2 class=\"wp-block-heading\"><strong>SEID<\/strong><\/h2>\n\n\n\n<p>Die \u201eNational Academy of Medicine\u201c (NAM) ver\u00f6ffentlichte 2015 eigene Diagnosekriterien f\u00fcr ME\/CFS unter dem K\u00fcrzel <strong>SEID<\/strong>. F\u00fcr die Diagnose m\u00fcssen die Symptome bei Erwachsenen mindestens sechs Monate und bei Kindern drei Monate bestehen. Die Kriterien umfassen Fatigue, Belastungsintoleranz (PEM), Schlafst\u00f6rungen, kognitive Beeintr\u00e4chtigungen und Orthostatische Intoleranz, lassen jedoch neurologische und immunologische Symptome au\u00dfen vor. Die Charit\u00e9 Berlin stellt eine deutschsprachige Version bereit und empfiehlt, zus\u00e4tzlich die Kanadischen Konsenskriterien zur Absicherung heranzuziehen.<\/p>\n\n\n\n<p><a href=\"https:\/\/cfc.charite.de\/fileadmin\/user_upload\/microsites\/kompetenzzentren\/cfc\/ZZ_alte_Dateien\/Landing_Page\/SEID_CFS_komplett.pdf\" target=\"_blank\" rel=\"noreferrer noopener\">Hier<\/a> geht&#8217;s zum Fragebogen.<\/p>\n\n\n\n<h2 class=\"wp-block-heading\"><strong>Euromene<\/strong> Leitfaden<\/h2>\n\n\n\n<p><strong>Das European Network on Myalgic Encephalomyelitis\/Chronic Fatigue Syndrome (Euromene)<\/strong>, gef\u00f6rdert von der EU, vereint Spezialisten aus 14 europ\u00e4ischen L\u00e4ndern, um die ME\/CFS-Forschung zu vernetzen. Ziele sind u.a. der Aufbau von Biodatenbanken und die Erforschung von Biomarkern. 2021 ver\u00f6ffentlichte Euromene einen Leitfaden zur Diagnose, Versorgung und Pflege von ME\/CFS-Patienten. Dieser beschreibt Diagnosekriterien (CCC, IOM), Komorbidit\u00e4ten, und bietet umfangreiche Empfehlungen f\u00fcr das Krankheitsmanagement und die Gesundheitsversorgung.<\/p>\n\n\n\n<p><a href=\"https:\/\/www.mdpi.com\/1648-9144\/57\/5\/510\" target=\"_blank\" rel=\"noreferrer noopener\">Hier<\/a> geht&#8217;s zum Leitfaden.<\/p>\n\n\n\n<h2 class=\"wp-block-heading\">Bell-Skala<\/h2>\n\n\n\n<p>Bei der <strong>Bell-Skala<\/strong> handelt es sich um eine Punkteskala, mit deren Hilfe Betroffene die Schwere der Beeintr\u00e4chtigungen einsch\u00e4tzen k\u00f6nnen, die mit ihrer ME\/CFS-Erkrankung einhergehen. Sie beschreibt verschiedene ME\/CFS-Schweregrade hinsichtlich der St\u00e4rke der Symptome und des m\u00f6glichen Aktivit\u00e4tsniveaus und reicht von 100 Punkten (gesunder Zustand) in Zehnerschritten bis zu 0 Punkten (v\u00f6llige Pflegebed\u00fcrftigkeit).<\/p>\n\n\n\n<p><a href=\"https:\/\/cfc.charite.de\/fileadmin\/user_upload\/microsites\/kompetenzzentren\/cfc\/ZZ_alte_Dateien\/Landing_Page\/Kanadische_Kriterien_mitAuswertung.pdf\" target=\"_blank\" rel=\"noreferrer noopener\">Hier<\/a> geht&#8217;s zur Bell-Skala<\/p>\n","protected":false},"excerpt":{"rendered":"<p>ME\/CFS l\u00e4sst sich anhand eines definierten Symptomkomplexes charakterisieren und mit Hilfe einer ausf\u00fchrlichen Anamnese diagnostizieren. ME\/CFS kann auch zusammen mit anderen Diagnosen bestehen, eine gr\u00fcndliche Differenzialdiagnostik ist jedoch in jedem Fall erforderlich, um gut behandelbare Ursachen zu erkennen und zus\u00e4tzliche Belastungsfaktoren zu identifizieren. Hier findet ihr eine \u00dcbersicht zu den Diagnosekriterien und M\u00f6glichkeiten zur Schweregradbeurteilung bei ME\/CFS. Die Kanadischen Konsenskriterien Die Kanadischen Konsenskriterien sind ein diagnostisches Instrument f\u00fcr ME\/CFS. F\u00fcr eine Diagnose m\u00fcssen die Symptome bei Erwachsenen mindestens sechs Monate und bei Kindern mindestens drei Monate bestehen. Andere Erkrankungen, die \u00e4hnliche Beschwerden verursachen k\u00f6nnten, m\u00fcssen zudem ausgeschlossen werden. Der [&hellip;]<\/p>\n","protected":false},"author":1,"featured_media":0,"parent":0,"menu_order":0,"comment_status":"closed","ping_status":"closed","template":"","meta":{"inline_featured_image":false,"footnotes":""},"yoast_head":"<!-- This site is optimized with the Yoast SEO plugin v21.8 - https:\/\/yoast.com\/wordpress\/plugins\/seo\/ -->\n<title>Diagnose - wirbelwirrwarr<\/title>\n<meta name=\"robots\" content=\"index, follow, max-snippet:-1, max-image-preview:large, max-video-preview:-1\" \/>\n<link rel=\"canonical\" href=\"https:\/\/www.wirbelwirrwarr.de\/index.php\/diagnose-3\/\" \/>\n<meta property=\"og:locale\" content=\"de_DE\" \/>\n<meta property=\"og:type\" content=\"article\" \/>\n<meta property=\"og:title\" content=\"Diagnose - wirbelwirrwarr\" \/>\n<meta property=\"og:description\" content=\"ME\/CFS l\u00e4sst sich anhand eines definierten Symptomkomplexes charakterisieren und mit Hilfe einer ausf\u00fchrlichen Anamnese diagnostizieren. ME\/CFS kann auch zusammen mit anderen Diagnosen bestehen, eine gr\u00fcndliche Differenzialdiagnostik ist jedoch in jedem Fall erforderlich, um gut behandelbare Ursachen zu erkennen und zus\u00e4tzliche Belastungsfaktoren zu identifizieren. Hier findet ihr eine \u00dcbersicht zu den Diagnosekriterien und M\u00f6glichkeiten zur Schweregradbeurteilung bei ME\/CFS. Die Kanadischen Konsenskriterien Die Kanadischen Konsenskriterien sind ein diagnostisches Instrument f\u00fcr ME\/CFS. F\u00fcr eine Diagnose m\u00fcssen die Symptome bei Erwachsenen mindestens sechs Monate und bei Kindern mindestens drei Monate bestehen. Andere Erkrankungen, die \u00e4hnliche Beschwerden verursachen k\u00f6nnten, m\u00fcssen zudem ausgeschlossen werden. Der [&hellip;]\" \/>\n<meta property=\"og:url\" content=\"https:\/\/www.wirbelwirrwarr.de\/index.php\/diagnose-3\/\" \/>\n<meta property=\"og:site_name\" content=\"wirbelwirrwarr\" \/>\n<meta name=\"twitter:card\" content=\"summary_large_image\" \/>\n<meta name=\"twitter:label1\" content=\"Gesch\u00e4tzte Lesezeit\" \/>\n\t<meta name=\"twitter:data1\" content=\"3\u00a0Minuten\" \/>\n<script type=\"application\/ld+json\" class=\"yoast-schema-graph\">{\"@context\":\"https:\/\/schema.org\",\"@graph\":[{\"@type\":\"WebPage\",\"@id\":\"https:\/\/www.wirbelwirrwarr.de\/index.php\/diagnose-3\/\",\"url\":\"https:\/\/www.wirbelwirrwarr.de\/index.php\/diagnose-3\/\",\"name\":\"Diagnose - wirbelwirrwarr\",\"isPartOf\":{\"@id\":\"https:\/\/www.wirbelwirrwarr.de\/#website\"},\"datePublished\":\"2024-11-03T13:40:31+00:00\",\"dateModified\":\"2024-11-03T13:40:31+00:00\",\"breadcrumb\":{\"@id\":\"https:\/\/www.wirbelwirrwarr.de\/index.php\/diagnose-3\/#breadcrumb\"},\"inLanguage\":\"de\",\"potentialAction\":[{\"@type\":\"ReadAction\",\"target\":[\"https:\/\/www.wirbelwirrwarr.de\/index.php\/diagnose-3\/\"]}]},{\"@type\":\"BreadcrumbList\",\"@id\":\"https:\/\/www.wirbelwirrwarr.de\/index.php\/diagnose-3\/#breadcrumb\",\"itemListElement\":[{\"@type\":\"ListItem\",\"position\":1,\"name\":\"Startseite\",\"item\":\"https:\/\/www.wirbelwirrwarr.de\/\"},{\"@type\":\"ListItem\",\"position\":2,\"name\":\"Diagnose\"}]},{\"@type\":\"WebSite\",\"@id\":\"https:\/\/www.wirbelwirrwarr.de\/#website\",\"url\":\"https:\/\/www.wirbelwirrwarr.de\/\",\"name\":\"wirbelwirrwarr\",\"description\":\"Wie eine unsichtbare Krankheit mein Leben bunt macht\",\"publisher\":{\"@id\":\"https:\/\/www.wirbelwirrwarr.de\/#organization\"},\"potentialAction\":[{\"@type\":\"SearchAction\",\"target\":{\"@type\":\"EntryPoint\",\"urlTemplate\":\"https:\/\/www.wirbelwirrwarr.de\/?s={search_term_string}\"},\"query-input\":\"required name=search_term_string\"}],\"inLanguage\":\"de\"},{\"@type\":\"Organization\",\"@id\":\"https:\/\/www.wirbelwirrwarr.de\/#organization\",\"name\":\"wirbelwirrwarr\",\"url\":\"https:\/\/www.wirbelwirrwarr.de\/\",\"logo\":{\"@type\":\"ImageObject\",\"inLanguage\":\"de\",\"@id\":\"https:\/\/www.wirbelwirrwarr.de\/#\/schema\/logo\/image\/\",\"url\":\"https:\/\/www.wirbelwirrwarr.de\/wp-content\/uploads\/2023\/02\/logoatlas9.svg\",\"contentUrl\":\"https:\/\/www.wirbelwirrwarr.de\/wp-content\/uploads\/2023\/02\/logoatlas9.svg\",\"caption\":\"wirbelwirrwarr\"},\"image\":{\"@id\":\"https:\/\/www.wirbelwirrwarr.de\/#\/schema\/logo\/image\/\"}}]}<\/script>\n<!-- \/ Yoast SEO plugin. -->","yoast_head_json":{"title":"Diagnose - wirbelwirrwarr","robots":{"index":"index","follow":"follow","max-snippet":"max-snippet:-1","max-image-preview":"max-image-preview:large","max-video-preview":"max-video-preview:-1"},"canonical":"https:\/\/www.wirbelwirrwarr.de\/index.php\/diagnose-3\/","og_locale":"de_DE","og_type":"article","og_title":"Diagnose - wirbelwirrwarr","og_description":"ME\/CFS l\u00e4sst sich anhand eines definierten Symptomkomplexes charakterisieren und mit Hilfe einer ausf\u00fchrlichen Anamnese diagnostizieren. ME\/CFS kann auch zusammen mit anderen Diagnosen bestehen, eine gr\u00fcndliche Differenzialdiagnostik ist jedoch in jedem Fall erforderlich, um gut behandelbare Ursachen zu erkennen und zus\u00e4tzliche Belastungsfaktoren zu identifizieren. Hier findet ihr eine \u00dcbersicht zu den Diagnosekriterien und M\u00f6glichkeiten zur Schweregradbeurteilung bei ME\/CFS. Die Kanadischen Konsenskriterien Die Kanadischen Konsenskriterien sind ein diagnostisches Instrument f\u00fcr ME\/CFS. F\u00fcr eine Diagnose m\u00fcssen die Symptome bei Erwachsenen mindestens sechs Monate und bei Kindern mindestens drei Monate bestehen. Andere Erkrankungen, die \u00e4hnliche Beschwerden verursachen k\u00f6nnten, m\u00fcssen zudem ausgeschlossen werden. Der [&hellip;]","og_url":"https:\/\/www.wirbelwirrwarr.de\/index.php\/diagnose-3\/","og_site_name":"wirbelwirrwarr","twitter_card":"summary_large_image","twitter_misc":{"Gesch\u00e4tzte Lesezeit":"3\u00a0Minuten"},"schema":{"@context":"https:\/\/schema.org","@graph":[{"@type":"WebPage","@id":"https:\/\/www.wirbelwirrwarr.de\/index.php\/diagnose-3\/","url":"https:\/\/www.wirbelwirrwarr.de\/index.php\/diagnose-3\/","name":"Diagnose - wirbelwirrwarr","isPartOf":{"@id":"https:\/\/www.wirbelwirrwarr.de\/#website"},"datePublished":"2024-11-03T13:40:31+00:00","dateModified":"2024-11-03T13:40:31+00:00","breadcrumb":{"@id":"https:\/\/www.wirbelwirrwarr.de\/index.php\/diagnose-3\/#breadcrumb"},"inLanguage":"de","potentialAction":[{"@type":"ReadAction","target":["https:\/\/www.wirbelwirrwarr.de\/index.php\/diagnose-3\/"]}]},{"@type":"BreadcrumbList","@id":"https:\/\/www.wirbelwirrwarr.de\/index.php\/diagnose-3\/#breadcrumb","itemListElement":[{"@type":"ListItem","position":1,"name":"Startseite","item":"https:\/\/www.wirbelwirrwarr.de\/"},{"@type":"ListItem","position":2,"name":"Diagnose"}]},{"@type":"WebSite","@id":"https:\/\/www.wirbelwirrwarr.de\/#website","url":"https:\/\/www.wirbelwirrwarr.de\/","name":"wirbelwirrwarr","description":"Wie eine unsichtbare Krankheit mein Leben bunt macht","publisher":{"@id":"https:\/\/www.wirbelwirrwarr.de\/#organization"},"potentialAction":[{"@type":"SearchAction","target":{"@type":"EntryPoint","urlTemplate":"https:\/\/www.wirbelwirrwarr.de\/?s={search_term_string}"},"query-input":"required name=search_term_string"}],"inLanguage":"de"},{"@type":"Organization","@id":"https:\/\/www.wirbelwirrwarr.de\/#organization","name":"wirbelwirrwarr","url":"https:\/\/www.wirbelwirrwarr.de\/","logo":{"@type":"ImageObject","inLanguage":"de","@id":"https:\/\/www.wirbelwirrwarr.de\/#\/schema\/logo\/image\/","url":"https:\/\/www.wirbelwirrwarr.de\/wp-content\/uploads\/2023\/02\/logoatlas9.svg","contentUrl":"https:\/\/www.wirbelwirrwarr.de\/wp-content\/uploads\/2023\/02\/logoatlas9.svg","caption":"wirbelwirrwarr"},"image":{"@id":"https:\/\/www.wirbelwirrwarr.de\/#\/schema\/logo\/image\/"}}]}},"_links":{"self":[{"href":"https:\/\/www.wirbelwirrwarr.de\/index.php\/wp-json\/wp\/v2\/pages\/17219"}],"collection":[{"href":"https:\/\/www.wirbelwirrwarr.de\/index.php\/wp-json\/wp\/v2\/pages"}],"about":[{"href":"https:\/\/www.wirbelwirrwarr.de\/index.php\/wp-json\/wp\/v2\/types\/page"}],"author":[{"embeddable":true,"href":"https:\/\/www.wirbelwirrwarr.de\/index.php\/wp-json\/wp\/v2\/users\/1"}],"replies":[{"embeddable":true,"href":"https:\/\/www.wirbelwirrwarr.de\/index.php\/wp-json\/wp\/v2\/comments?post=17219"}],"version-history":[{"count":10,"href":"https:\/\/www.wirbelwirrwarr.de\/index.php\/wp-json\/wp\/v2\/pages\/17219\/revisions"}],"predecessor-version":[{"id":17229,"href":"https:\/\/www.wirbelwirrwarr.de\/index.php\/wp-json\/wp\/v2\/pages\/17219\/revisions\/17229"}],"wp:attachment":[{"href":"https:\/\/www.wirbelwirrwarr.de\/index.php\/wp-json\/wp\/v2\/media?parent=17219"}],"curies":[{"name":"wp","href":"https:\/\/api.w.org\/{rel}","templated":true}]}}