{"id":17202,"date":"2024-11-03T13:29:04","date_gmt":"2024-11-03T12:29:04","guid":{"rendered":"https:\/\/www.wirbelwirrwarr.de\/?page_id=17202"},"modified":"2024-11-03T14:45:09","modified_gmt":"2024-11-03T13:45:09","slug":"me-cfs","status":"publish","type":"page","link":"https:\/\/www.wirbelwirrwarr.de\/index.php\/me-cfs\/","title":{"rendered":"ME\/CFS"},"content":{"rendered":"\n<p>Myalgische Enzephalomyelitis\u202f\/\u202fChronisches Fatigue Syndrom (ME\/CFS) ist eine schwere neuroimmunologische Erkrankung, die oft zu gravierenden k\u00f6rperlichen Einschr\u00e4nkungen f\u00fchrt. Weltweit sind etwa 17 Millionen Menschen betroffen, in Deutschland lagen die Sch\u00e4tzungen vor der COVID-19-Pandemie bei rund 250.000, mittlerweile geht man von der doppelten Anzahl aus. Seit 1969 wird ME\/CFS von der WHO als neurologische Erkrankung anerkannt.<\/p>\n\n\n\n<p>Zu den Hauptsymptomen von ME\/CFS geh\u00f6ren neben einer extremen Ersch\u00f6pfung und k\u00f6rperlichen Schw\u00e4che auch neurokognitive, autonome und immunologische Beschwerden. Ein zentrales Merkmal ist die sogenannte <strong>Post-Exertionelle Malaise (PEM)<\/strong>, eine Verschlimmerung aller Symptome nach minimaler k\u00f6rperlicher oder geistiger Belastung. Diese Verschlechterung kann Tage oder sogar mehrere Wochen anhalten und \u00e4u\u00dfert sich in ausgepr\u00e4gter Ersch\u00f6pfung, Muskelschmerzen, grippe\u00e4hnlichen Symptomen und einem generellen Gesundheitsabfall. Selbst allt\u00e4gliche T\u00e4tigkeiten wie Duschen, Z\u00e4hneputzen oder Kochen k\u00f6nnen erhebliche Anstrengung bedeuten und im Anschluss tagelange Bettruhe erfordern. Schwerstbetroffene erleben PEM oft schon durch einfache Bewegungen im Bett oder durch den Besuch einer anderen Person im Raum. PEM ist das Symptom, das ME\/CFS von anderen Krankheiten unterscheidet, die Fatigue verursachen, die jedoch durch Aktivit\u00e4t zu einer Verbesserung f\u00fchrt. Bei ME\/CFS Betroffenen hingegen kann Aktivierung zu einer weiteren, dauerhaften Verschlechterung der Erkrankung f\u00fchren.<\/p>\n\n\n\n<p>Weitere Symptome:<\/p>\n\n\n\n<p><strong>Orthostatische Intoleranz:<\/strong> Viele Betroffene leiden unter Symptomen des autonomen Nervensystems wie Herzrasen, Schwindel und Blutdruckschwankungen, was oft dazu f\u00fchrt, dass sie nicht lange stehen oder sitzen k\u00f6nnen \u2013 ein Zustand, der als orthostatische Intoleranz bezeichnet wird. Es handelt sich also um die Schwierigkeit, den Kreislauf langfristig stabil zu halten, was in einer unzureichenden Blutversorgung der oberen K\u00f6rperh\u00e4lfte, besonders des Gehirns resultiert. Es kann zur Tachykardie (schneller Herzschlag im Stehen) kommen und ebenfalls zum Blutdruckabfall (Hypotonie), bis hin zur Ohnmacht (Synkope).<\/p>\n\n\n\n<p><strong>Neurokognitive Symptome<\/strong>: Zus\u00e4tzlich leiden viele Betroffene unter neurologischen Beeintr\u00e4chtigungen, darunter Konzentrations- und Ged\u00e4chtnisprobleme, Wortfindungsst\u00f6rungen, verlangsamtem Denken und Schwierigkeiten bei der Informationsverarbeitung. Oft kommt es auch zu \u00fcberm\u00e4\u00dfiger Empfindlichkeit gegen\u00fcber \u00e4u\u00dferen Reizen sowie Brain Fog. In schweren F\u00e4llen k\u00f6nnen Betroffene oft nur in abgedunkelten R\u00e4umen bleiben und sind in ihrer Kommunikation auf Fl\u00fcstern beschr\u00e4nkt.<\/p>\n\n\n\n<p><strong>Erh\u00f6hte Infektanf\u00e4lligkeit<\/strong>: Auch das Immunsystem zeigt Auff\u00e4lligkeiten: H\u00e4ufig berichten sie von st\u00e4ndigen Krankheitsempfindungen, schmerzhaften und geschwollenen Lymphknoten sowie anhaltenden Halsentz\u00fcndungen und einer besonders hohen Anf\u00e4lligkeit f\u00fcr Infekte. <\/p>\n\n\n\n<p><strong>Schlafst\u00f6rungen<\/strong>: Viele Betroffene leiden unter Ein- und Durchschlafproblemen trotz anhaltender Ersch\u00f6pfung. Der Schlaf bringt keine Erholung.<\/p>\n\n\n\n<p><strong>Chronische und akute Schmerzen<\/strong>: Begleitet werden diese Beschwerden h\u00e4ufig von intensiven Schmerzen, die sowohl Muskeln und Gelenke als auch den Kopf betreffen und oft in ungew\u00f6hnlicher Weise auftreten.<\/p>\n\n\n\n<p><strong>Magen-Darm-Beschwerden<\/strong>: Es k\u00f6nnen Symptome auftreten, die dem Reizdarmsyndrom \u00e4hneln: Bauchschmerzen, Durchfall, Verstopfung, Bl\u00e4hungen und \u00dcbelkeit.<\/p>\n\n\n\n<p>In vielen F\u00e4llen beginnt ME\/CFS nach einer Infektion. Zu den m\u00f6glichen Ausl\u00f6sern z\u00e4hlen das Epstein-Barr-Virus, Influenza sowie COVID-19. Die Entstehungsmechanismen von ME\/CFS sind noch nicht gekl\u00e4rt, es existieren jedoch vermehrt Hinweise darauf, dass der Krankheit eine Fehlregulation des Immunsystems und des autonomen Nervensystems zugrunde liegen k\u00f6nnte. Obendrein geht ME\/CFS  oftmals mit weiteren Multisystemerkrankungen einher, wie dem Mastzellaktivierungssyndrom oder der Small Fiber Neuropathie. <\/p>\n\n\n\n<p>Einen eindeutigen Biomarker f\u00fcr ME\/CFS existiert bisher nicht, somit muss die Diagnose nach einem differenzialdiagnostischen Ausschlussverfahren und anhand spezifischer Kriterien erfolgen.<\/p>\n\n\n\n<div class=\"wp-block-buttons is-layout-flex wp-block-buttons-is-layout-flex\">\n<div class=\"wp-block-button\"><a class=\"wp-block-button__link wp-element-button\" href=\"https:\/\/www.ich-werde-gesund.com\/2022\/10\/01\/genesungsprogramme-im-%C3%BCberblick\/?fbclid=IwY2xjawGUSylleHRuA2FlbQIxMQABHYJg3iX7zo_UBn6p2fAwWPj0S3UByhV8nNZM2GkRCyGjeIlYqWUSy0lY9Q_aem_XTkOuSXyVMIf7cEOG6DNzg\" target=\"_blank\" rel=\"noreferrer noopener\">Genesungsprogramme<\/a><\/div>\n\n\n\n<div class=\"wp-block-button\"><a class=\"wp-block-button__link wp-element-button\" href=\"https:\/\/www.youtube.com\/watch?v=LdkSdAOsfWg\" target=\"_blank\" rel=\"noreferrer noopener\">\u00a0Interview mit Prof. Dr. Dr. Simon<\/a><\/div>\n<\/div>\n\n\n\n<div style=\"height:21px\" aria-hidden=\"true\" class=\"wp-block-spacer\"><\/div>\n\n\n\n<div class=\"wp-block-buttons is-layout-flex wp-block-buttons-is-layout-flex\"><\/div>\n\n\n\n<div style=\"height:21px\" aria-hidden=\"true\" class=\"wp-block-spacer\"><\/div>\n","protected":false},"excerpt":{"rendered":"<p>Myalgische Enzephalomyelitis\u202f\/\u202fChronisches Fatigue Syndrom (ME\/CFS) ist eine schwere neuroimmunologische Erkrankung, die oft zu gravierenden k\u00f6rperlichen Einschr\u00e4nkungen f\u00fchrt. Weltweit sind etwa 17 Millionen Menschen betroffen, in Deutschland lagen die Sch\u00e4tzungen vor der COVID-19-Pandemie bei rund 250.000, mittlerweile geht man von der doppelten Anzahl aus. Seit 1969 wird ME\/CFS von der WHO als neurologische Erkrankung anerkannt. Zu den Hauptsymptomen von ME\/CFS geh\u00f6ren neben einer extremen Ersch\u00f6pfung und k\u00f6rperlichen Schw\u00e4che auch neurokognitive, autonome und immunologische Beschwerden. Ein zentrales Merkmal ist die sogenannte Post-Exertionelle Malaise (PEM), eine Verschlimmerung aller Symptome nach minimaler k\u00f6rperlicher oder geistiger Belastung. Diese Verschlechterung kann Tage oder sogar mehrere [&hellip;]<\/p>\n","protected":false},"author":1,"featured_media":0,"parent":0,"menu_order":0,"comment_status":"closed","ping_status":"closed","template":"","meta":{"inline_featured_image":false,"footnotes":""},"yoast_head":"<!-- This site is optimized with the Yoast SEO plugin v21.8 - https:\/\/yoast.com\/wordpress\/plugins\/seo\/ -->\n<title>ME\/CFS - wirbelwirrwarr<\/title>\n<meta name=\"robots\" content=\"index, follow, max-snippet:-1, max-image-preview:large, max-video-preview:-1\" \/>\n<link rel=\"canonical\" href=\"https:\/\/www.wirbelwirrwarr.de\/index.php\/me-cfs\/\" \/>\n<meta property=\"og:locale\" content=\"de_DE\" \/>\n<meta property=\"og:type\" content=\"article\" \/>\n<meta property=\"og:title\" content=\"ME\/CFS - wirbelwirrwarr\" \/>\n<meta property=\"og:description\" content=\"Myalgische Enzephalomyelitis\u202f\/\u202fChronisches Fatigue Syndrom (ME\/CFS) ist eine schwere neuroimmunologische Erkrankung, die oft zu gravierenden k\u00f6rperlichen Einschr\u00e4nkungen f\u00fchrt. Weltweit sind etwa 17 Millionen Menschen betroffen, in Deutschland lagen die Sch\u00e4tzungen vor der COVID-19-Pandemie bei rund 250.000, mittlerweile geht man von der doppelten Anzahl aus. Seit 1969 wird ME\/CFS von der WHO als neurologische Erkrankung anerkannt. Zu den Hauptsymptomen von ME\/CFS geh\u00f6ren neben einer extremen Ersch\u00f6pfung und k\u00f6rperlichen Schw\u00e4che auch neurokognitive, autonome und immunologische Beschwerden. Ein zentrales Merkmal ist die sogenannte Post-Exertionelle Malaise (PEM), eine Verschlimmerung aller Symptome nach minimaler k\u00f6rperlicher oder geistiger Belastung. Diese Verschlechterung kann Tage oder sogar mehrere [&hellip;]\" \/>\n<meta property=\"og:url\" content=\"https:\/\/www.wirbelwirrwarr.de\/index.php\/me-cfs\/\" \/>\n<meta property=\"og:site_name\" content=\"wirbelwirrwarr\" \/>\n<meta property=\"article:modified_time\" content=\"2024-11-03T13:45:09+00:00\" \/>\n<meta name=\"twitter:card\" content=\"summary_large_image\" \/>\n<meta name=\"twitter:label1\" content=\"Gesch\u00e4tzte Lesezeit\" \/>\n\t<meta name=\"twitter:data1\" content=\"3\u00a0Minuten\" \/>\n<script type=\"application\/ld+json\" class=\"yoast-schema-graph\">{\"@context\":\"https:\/\/schema.org\",\"@graph\":[{\"@type\":\"WebPage\",\"@id\":\"https:\/\/www.wirbelwirrwarr.de\/index.php\/me-cfs\/\",\"url\":\"https:\/\/www.wirbelwirrwarr.de\/index.php\/me-cfs\/\",\"name\":\"ME\/CFS - wirbelwirrwarr\",\"isPartOf\":{\"@id\":\"https:\/\/www.wirbelwirrwarr.de\/#website\"},\"datePublished\":\"2024-11-03T12:29:04+00:00\",\"dateModified\":\"2024-11-03T13:45:09+00:00\",\"breadcrumb\":{\"@id\":\"https:\/\/www.wirbelwirrwarr.de\/index.php\/me-cfs\/#breadcrumb\"},\"inLanguage\":\"de\",\"potentialAction\":[{\"@type\":\"ReadAction\",\"target\":[\"https:\/\/www.wirbelwirrwarr.de\/index.php\/me-cfs\/\"]}]},{\"@type\":\"BreadcrumbList\",\"@id\":\"https:\/\/www.wirbelwirrwarr.de\/index.php\/me-cfs\/#breadcrumb\",\"itemListElement\":[{\"@type\":\"ListItem\",\"position\":1,\"name\":\"Startseite\",\"item\":\"https:\/\/www.wirbelwirrwarr.de\/\"},{\"@type\":\"ListItem\",\"position\":2,\"name\":\"ME\/CFS\"}]},{\"@type\":\"WebSite\",\"@id\":\"https:\/\/www.wirbelwirrwarr.de\/#website\",\"url\":\"https:\/\/www.wirbelwirrwarr.de\/\",\"name\":\"wirbelwirrwarr\",\"description\":\"Wie eine unsichtbare Krankheit mein Leben bunt macht\",\"publisher\":{\"@id\":\"https:\/\/www.wirbelwirrwarr.de\/#organization\"},\"potentialAction\":[{\"@type\":\"SearchAction\",\"target\":{\"@type\":\"EntryPoint\",\"urlTemplate\":\"https:\/\/www.wirbelwirrwarr.de\/?s={search_term_string}\"},\"query-input\":\"required name=search_term_string\"}],\"inLanguage\":\"de\"},{\"@type\":\"Organization\",\"@id\":\"https:\/\/www.wirbelwirrwarr.de\/#organization\",\"name\":\"wirbelwirrwarr\",\"url\":\"https:\/\/www.wirbelwirrwarr.de\/\",\"logo\":{\"@type\":\"ImageObject\",\"inLanguage\":\"de\",\"@id\":\"https:\/\/www.wirbelwirrwarr.de\/#\/schema\/logo\/image\/\",\"url\":\"https:\/\/www.wirbelwirrwarr.de\/wp-content\/uploads\/2023\/02\/logoatlas9.svg\",\"contentUrl\":\"https:\/\/www.wirbelwirrwarr.de\/wp-content\/uploads\/2023\/02\/logoatlas9.svg\",\"caption\":\"wirbelwirrwarr\"},\"image\":{\"@id\":\"https:\/\/www.wirbelwirrwarr.de\/#\/schema\/logo\/image\/\"}}]}<\/script>\n<!-- \/ Yoast SEO plugin. -->","yoast_head_json":{"title":"ME\/CFS - wirbelwirrwarr","robots":{"index":"index","follow":"follow","max-snippet":"max-snippet:-1","max-image-preview":"max-image-preview:large","max-video-preview":"max-video-preview:-1"},"canonical":"https:\/\/www.wirbelwirrwarr.de\/index.php\/me-cfs\/","og_locale":"de_DE","og_type":"article","og_title":"ME\/CFS - wirbelwirrwarr","og_description":"Myalgische Enzephalomyelitis\u202f\/\u202fChronisches Fatigue Syndrom (ME\/CFS) ist eine schwere neuroimmunologische Erkrankung, die oft zu gravierenden k\u00f6rperlichen Einschr\u00e4nkungen f\u00fchrt. Weltweit sind etwa 17 Millionen Menschen betroffen, in Deutschland lagen die Sch\u00e4tzungen vor der COVID-19-Pandemie bei rund 250.000, mittlerweile geht man von der doppelten Anzahl aus. Seit 1969 wird ME\/CFS von der WHO als neurologische Erkrankung anerkannt. Zu den Hauptsymptomen von ME\/CFS geh\u00f6ren neben einer extremen Ersch\u00f6pfung und k\u00f6rperlichen Schw\u00e4che auch neurokognitive, autonome und immunologische Beschwerden. Ein zentrales Merkmal ist die sogenannte Post-Exertionelle Malaise (PEM), eine Verschlimmerung aller Symptome nach minimaler k\u00f6rperlicher oder geistiger Belastung. Diese Verschlechterung kann Tage oder sogar mehrere [&hellip;]","og_url":"https:\/\/www.wirbelwirrwarr.de\/index.php\/me-cfs\/","og_site_name":"wirbelwirrwarr","article_modified_time":"2024-11-03T13:45:09+00:00","twitter_card":"summary_large_image","twitter_misc":{"Gesch\u00e4tzte Lesezeit":"3\u00a0Minuten"},"schema":{"@context":"https:\/\/schema.org","@graph":[{"@type":"WebPage","@id":"https:\/\/www.wirbelwirrwarr.de\/index.php\/me-cfs\/","url":"https:\/\/www.wirbelwirrwarr.de\/index.php\/me-cfs\/","name":"ME\/CFS - wirbelwirrwarr","isPartOf":{"@id":"https:\/\/www.wirbelwirrwarr.de\/#website"},"datePublished":"2024-11-03T12:29:04+00:00","dateModified":"2024-11-03T13:45:09+00:00","breadcrumb":{"@id":"https:\/\/www.wirbelwirrwarr.de\/index.php\/me-cfs\/#breadcrumb"},"inLanguage":"de","potentialAction":[{"@type":"ReadAction","target":["https:\/\/www.wirbelwirrwarr.de\/index.php\/me-cfs\/"]}]},{"@type":"BreadcrumbList","@id":"https:\/\/www.wirbelwirrwarr.de\/index.php\/me-cfs\/#breadcrumb","itemListElement":[{"@type":"ListItem","position":1,"name":"Startseite","item":"https:\/\/www.wirbelwirrwarr.de\/"},{"@type":"ListItem","position":2,"name":"ME\/CFS"}]},{"@type":"WebSite","@id":"https:\/\/www.wirbelwirrwarr.de\/#website","url":"https:\/\/www.wirbelwirrwarr.de\/","name":"wirbelwirrwarr","description":"Wie eine unsichtbare Krankheit mein Leben bunt macht","publisher":{"@id":"https:\/\/www.wirbelwirrwarr.de\/#organization"},"potentialAction":[{"@type":"SearchAction","target":{"@type":"EntryPoint","urlTemplate":"https:\/\/www.wirbelwirrwarr.de\/?s={search_term_string}"},"query-input":"required name=search_term_string"}],"inLanguage":"de"},{"@type":"Organization","@id":"https:\/\/www.wirbelwirrwarr.de\/#organization","name":"wirbelwirrwarr","url":"https:\/\/www.wirbelwirrwarr.de\/","logo":{"@type":"ImageObject","inLanguage":"de","@id":"https:\/\/www.wirbelwirrwarr.de\/#\/schema\/logo\/image\/","url":"https:\/\/www.wirbelwirrwarr.de\/wp-content\/uploads\/2023\/02\/logoatlas9.svg","contentUrl":"https:\/\/www.wirbelwirrwarr.de\/wp-content\/uploads\/2023\/02\/logoatlas9.svg","caption":"wirbelwirrwarr"},"image":{"@id":"https:\/\/www.wirbelwirrwarr.de\/#\/schema\/logo\/image\/"}}]}},"_links":{"self":[{"href":"https:\/\/www.wirbelwirrwarr.de\/index.php\/wp-json\/wp\/v2\/pages\/17202"}],"collection":[{"href":"https:\/\/www.wirbelwirrwarr.de\/index.php\/wp-json\/wp\/v2\/pages"}],"about":[{"href":"https:\/\/www.wirbelwirrwarr.de\/index.php\/wp-json\/wp\/v2\/types\/page"}],"author":[{"embeddable":true,"href":"https:\/\/www.wirbelwirrwarr.de\/index.php\/wp-json\/wp\/v2\/users\/1"}],"replies":[{"embeddable":true,"href":"https:\/\/www.wirbelwirrwarr.de\/index.php\/wp-json\/wp\/v2\/comments?post=17202"}],"version-history":[{"count":12,"href":"https:\/\/www.wirbelwirrwarr.de\/index.php\/wp-json\/wp\/v2\/pages\/17202\/revisions"}],"predecessor-version":[{"id":17236,"href":"https:\/\/www.wirbelwirrwarr.de\/index.php\/wp-json\/wp\/v2\/pages\/17202\/revisions\/17236"}],"wp:attachment":[{"href":"https:\/\/www.wirbelwirrwarr.de\/index.php\/wp-json\/wp\/v2\/media?parent=17202"}],"curies":[{"name":"wp","href":"https:\/\/api.w.org\/{rel}","templated":true}]}}