{"id":15645,"date":"2024-03-19T09:58:47","date_gmt":"2024-03-19T08:58:47","guid":{"rendered":"https:\/\/www.wirbelwirrwarr.de\/?page_id=15645"},"modified":"2024-03-19T14:34:41","modified_gmt":"2024-03-19T13:34:41","slug":"genetik-fuer-nicht-genetiker","status":"publish","type":"page","link":"https:\/\/www.wirbelwirrwarr.de\/index.php\/genetik-fuer-nicht-genetiker\/","title":{"rendered":"Genetik f\u00fcr Nicht-Genetiker"},"content":{"rendered":"\n<p>Sicherlich wisst ihr, dass viele Merkmale, wie die Farbe eurer Augen oder die F\u00e4higkeit, die Zunge zu rollen, genetisch an euch weitergegeben worden sind. Auch EDS kann vererbt werden, und zwar auf zwei Wegen: entweder <strong>\u201eautosomal dominant\u201c<\/strong> oder <strong>\u201eautosomal rezessiv\u201c<\/strong>. <\/p>\n\n\n\n<p>\u201eAutosomal\u201c bedeutet, dass das betroffene Gen auf einem der Chromosomen liegt, die nicht das Geschlecht bestimmen. Bei der dominanten Vererbung reicht es aus, wenn das Gen von nur einem Elternteil \u00fcbertragen wird, um die Krankheit zu entwickeln. Bei der rezessiven Vererbung m\u00fcssen beide Elternteile eine Kopie des Gens weitergeben. <\/p>\n\n\n\n<p>Vielleicht nochmal etwas verst\u00e4ndlicher?<\/p>\n\n\n\n<h2 class=\"wp-block-heading\">Autosomal dominante Vererbung<\/h2>\n\n\n\n<p>Stellt euch vor, jeder Mensch hat zwei Kopien eines jeden Gens \u2013 eine von der Mutter und eine vom Vater. Bei einer Krankheit, die <strong>autosomal dominant<\/strong> vererbt wird, ben\u00f6tigst du nur <strong>eine Kopie eines mutierten Gens<\/strong> von <strong>einem<\/strong> deiner Eltern, um die Krankheit zu entwickeln. Das bedeutet:<\/p>\n\n\n\n<ul>\n<li>Wenn ein Elternteil das mutierte Gen hat (und daher die Krankheit zeigt), besteht bei jedem Kind eine <strong>50%ige Chance<\/strong>, dass es das mutierte Gen erbt und somit auch die Krankheit entwickelt.<\/li>\n\n\n\n<li>Da nur eine Kopie des mutierten Gens f\u00fcr die Auspr\u00e4gung der Krankheit ben\u00f6tigt wird, kann die Krankheit in jeder Generation auftreten, sobald das mutierte Gen vorhanden ist.<\/li>\n<\/ul>\n\n\n\n<div style=\"height:21px\" aria-hidden=\"true\" class=\"wp-block-spacer\"><\/div>\n\n\n\n<figure class=\"wp-block-image size-large\"><img loading=\"lazy\" decoding=\"async\" width=\"1024\" height=\"768\" src=\"https:\/\/www.wirbelwirrwarr.de\/wp-content\/uploads\/2024\/03\/gene-2-1024x768.png\" alt=\"\" class=\"wp-image-15653\" srcset=\"https:\/\/www.wirbelwirrwarr.de\/wp-content\/uploads\/2024\/03\/gene-2-1024x768.png 1024w, https:\/\/www.wirbelwirrwarr.de\/wp-content\/uploads\/2024\/03\/gene-2-300x225.png 300w, https:\/\/www.wirbelwirrwarr.de\/wp-content\/uploads\/2024\/03\/gene-2-768x576.png 768w, https:\/\/www.wirbelwirrwarr.de\/wp-content\/uploads\/2024\/03\/gene-2.png 1200w\" sizes=\"(max-width: 1024px) 100vw, 1024px\" \/><figcaption class=\"wp-element-caption\"><em>Die autosomal dominante Vererbung. (Bild: wirbelwirrwarr.de)<\/em><\/figcaption><\/figure>\n\n\n\n<h2 class=\"wp-block-heading\">Autosomal rezessive Vererbung<\/h2>\n\n\n\n<p>Bei einer <strong>autosomal rezessiven<\/strong> Vererbung m\u00fcssen beide Kopien eines Gens mutiert sein, damit die Krankheit ausbricht. Das bedeutet:<\/p>\n\n\n\n<ul>\n<li>Wenn beide Eltern <strong>Tr\u00e4ger<\/strong> des mutierten Gens sind (was bedeutet, dass sie jeweils eine mutierte und eine normale Kopie haben, aber selbst nicht die Krankheit zeigen), besteht bei jedem Kind eine <strong>25%ige Chance<\/strong>, die Krankheit zu entwickeln (wenn es beide mutierte Gene erbt), eine <strong>50%ige Chance<\/strong>, ebenfalls Tr\u00e4ger zu sein (wenn es nur eine mutierte Kopie erbt), und eine <strong>25%ige Chance<\/strong>, keine mutierten Gene zu erben und weder die Krankheit zu entwickeln noch Tr\u00e4ger zu sein.<\/li>\n\n\n\n<li>Bei rezessiver Vererbung kann es Generationen geben, in denen die Krankheit nicht auftritt, weil sie nur ausbricht, wenn eine Person zwei Kopien des mutierten Gens erbt.<\/li>\n<\/ul>\n\n\n\n<figure class=\"wp-block-image size-large\"><img loading=\"lazy\" decoding=\"async\" width=\"1024\" height=\"768\" src=\"https:\/\/www.wirbelwirrwarr.de\/wp-content\/uploads\/2024\/03\/gene2-1-1024x768.png\" alt=\"\" class=\"wp-image-15658\" srcset=\"https:\/\/www.wirbelwirrwarr.de\/wp-content\/uploads\/2024\/03\/gene2-1-1024x768.png 1024w, https:\/\/www.wirbelwirrwarr.de\/wp-content\/uploads\/2024\/03\/gene2-1-300x225.png 300w, https:\/\/www.wirbelwirrwarr.de\/wp-content\/uploads\/2024\/03\/gene2-1-768x576.png 768w, https:\/\/www.wirbelwirrwarr.de\/wp-content\/uploads\/2024\/03\/gene2-1.png 1200w\" sizes=\"(max-width: 1024px) 100vw, 1024px\" \/><\/figure>\n\n\n\n<div style=\"height:21px\" aria-hidden=\"true\" class=\"wp-block-spacer\"><\/div>\n\n\n\n<p>Interessant ist, dass etwa die H\u00e4lfte der Menschen mit EDS die Erkrankung durch eine Neumutation bekommen hat (de novo). Das bedeutet, dass die Mutation zum ersten Mal bei ihnen auftritt, ohne dass andere Familienmitglieder betroffen sind.<\/p>\n","protected":false},"excerpt":{"rendered":"<p>Sicherlich wisst ihr, dass viele Merkmale, wie die Farbe eurer Augen oder die F\u00e4higkeit, die Zunge zu rollen, genetisch an euch weitergegeben worden sind. Auch EDS kann vererbt werden, und zwar auf zwei Wegen: entweder \u201eautosomal dominant\u201c oder \u201eautosomal rezessiv\u201c. \u201eAutosomal\u201c bedeutet, dass das betroffene Gen auf einem der Chromosomen liegt, die nicht das Geschlecht bestimmen. Bei der dominanten Vererbung reicht es aus, wenn das Gen von nur einem Elternteil \u00fcbertragen wird, um die Krankheit zu entwickeln. Bei der rezessiven Vererbung m\u00fcssen beide Elternteile eine Kopie des Gens weitergeben. Vielleicht nochmal etwas verst\u00e4ndlicher? Autosomal dominante Vererbung Stellt euch vor, [&hellip;]<\/p>\n","protected":false},"author":1,"featured_media":0,"parent":0,"menu_order":0,"comment_status":"closed","ping_status":"closed","template":"","meta":{"inline_featured_image":false,"footnotes":""},"yoast_head":"<!-- This site is optimized with the Yoast SEO plugin v21.8 - https:\/\/yoast.com\/wordpress\/plugins\/seo\/ -->\n<title>Genetik f\u00fcr Nicht-Genetiker - wirbelwirrwarr<\/title>\n<meta name=\"robots\" content=\"index, follow, max-snippet:-1, max-image-preview:large, max-video-preview:-1\" \/>\n<link rel=\"canonical\" href=\"https:\/\/www.wirbelwirrwarr.de\/index.php\/genetik-fuer-nicht-genetiker\/\" \/>\n<meta property=\"og:locale\" content=\"de_DE\" \/>\n<meta property=\"og:type\" content=\"article\" \/>\n<meta property=\"og:title\" content=\"Genetik f\u00fcr Nicht-Genetiker - wirbelwirrwarr\" \/>\n<meta property=\"og:description\" content=\"Sicherlich wisst ihr, dass viele Merkmale, wie die Farbe eurer Augen oder die F\u00e4higkeit, die Zunge zu rollen, genetisch an euch weitergegeben worden sind. Auch EDS kann vererbt werden, und zwar auf zwei Wegen: entweder \u201eautosomal dominant\u201c oder \u201eautosomal rezessiv\u201c. \u201eAutosomal\u201c bedeutet, dass das betroffene Gen auf einem der Chromosomen liegt, die nicht das Geschlecht bestimmen. Bei der dominanten Vererbung reicht es aus, wenn das Gen von nur einem Elternteil \u00fcbertragen wird, um die Krankheit zu entwickeln. Bei der rezessiven Vererbung m\u00fcssen beide Elternteile eine Kopie des Gens weitergeben. Vielleicht nochmal etwas verst\u00e4ndlicher? Autosomal dominante Vererbung Stellt euch vor, [&hellip;]\" \/>\n<meta property=\"og:url\" content=\"https:\/\/www.wirbelwirrwarr.de\/index.php\/genetik-fuer-nicht-genetiker\/\" \/>\n<meta property=\"og:site_name\" content=\"wirbelwirrwarr\" \/>\n<meta property=\"article:modified_time\" content=\"2024-03-19T13:34:41+00:00\" \/>\n<meta property=\"og:image\" content=\"https:\/\/www.wirbelwirrwarr.de\/wp-content\/uploads\/2024\/03\/gene-2-1024x768.png\" \/>\n<meta name=\"twitter:card\" content=\"summary_large_image\" \/>\n<meta name=\"twitter:label1\" content=\"Gesch\u00e4tzte Lesezeit\" \/>\n\t<meta name=\"twitter:data1\" content=\"3\u00a0Minuten\" \/>\n<script type=\"application\/ld+json\" class=\"yoast-schema-graph\">{\"@context\":\"https:\/\/schema.org\",\"@graph\":[{\"@type\":\"WebPage\",\"@id\":\"https:\/\/www.wirbelwirrwarr.de\/index.php\/genetik-fuer-nicht-genetiker\/\",\"url\":\"https:\/\/www.wirbelwirrwarr.de\/index.php\/genetik-fuer-nicht-genetiker\/\",\"name\":\"Genetik f\u00fcr Nicht-Genetiker - wirbelwirrwarr\",\"isPartOf\":{\"@id\":\"https:\/\/www.wirbelwirrwarr.de\/#website\"},\"datePublished\":\"2024-03-19T08:58:47+00:00\",\"dateModified\":\"2024-03-19T13:34:41+00:00\",\"breadcrumb\":{\"@id\":\"https:\/\/www.wirbelwirrwarr.de\/index.php\/genetik-fuer-nicht-genetiker\/#breadcrumb\"},\"inLanguage\":\"de\",\"potentialAction\":[{\"@type\":\"ReadAction\",\"target\":[\"https:\/\/www.wirbelwirrwarr.de\/index.php\/genetik-fuer-nicht-genetiker\/\"]}]},{\"@type\":\"BreadcrumbList\",\"@id\":\"https:\/\/www.wirbelwirrwarr.de\/index.php\/genetik-fuer-nicht-genetiker\/#breadcrumb\",\"itemListElement\":[{\"@type\":\"ListItem\",\"position\":1,\"name\":\"Startseite\",\"item\":\"https:\/\/www.wirbelwirrwarr.de\/\"},{\"@type\":\"ListItem\",\"position\":2,\"name\":\"Genetik f\u00fcr Nicht-Genetiker\"}]},{\"@type\":\"WebSite\",\"@id\":\"https:\/\/www.wirbelwirrwarr.de\/#website\",\"url\":\"https:\/\/www.wirbelwirrwarr.de\/\",\"name\":\"wirbelwirrwarr\",\"description\":\"Wie eine unsichtbare Krankheit mein Leben bunt macht\",\"publisher\":{\"@id\":\"https:\/\/www.wirbelwirrwarr.de\/#organization\"},\"potentialAction\":[{\"@type\":\"SearchAction\",\"target\":{\"@type\":\"EntryPoint\",\"urlTemplate\":\"https:\/\/www.wirbelwirrwarr.de\/?s={search_term_string}\"},\"query-input\":\"required name=search_term_string\"}],\"inLanguage\":\"de\"},{\"@type\":\"Organization\",\"@id\":\"https:\/\/www.wirbelwirrwarr.de\/#organization\",\"name\":\"wirbelwirrwarr\",\"url\":\"https:\/\/www.wirbelwirrwarr.de\/\",\"logo\":{\"@type\":\"ImageObject\",\"inLanguage\":\"de\",\"@id\":\"https:\/\/www.wirbelwirrwarr.de\/#\/schema\/logo\/image\/\",\"url\":\"https:\/\/www.wirbelwirrwarr.de\/wp-content\/uploads\/2023\/02\/logoatlas9.svg\",\"contentUrl\":\"https:\/\/www.wirbelwirrwarr.de\/wp-content\/uploads\/2023\/02\/logoatlas9.svg\",\"caption\":\"wirbelwirrwarr\"},\"image\":{\"@id\":\"https:\/\/www.wirbelwirrwarr.de\/#\/schema\/logo\/image\/\"}}]}<\/script>\n<!-- \/ Yoast SEO plugin. -->","yoast_head_json":{"title":"Genetik f\u00fcr Nicht-Genetiker - wirbelwirrwarr","robots":{"index":"index","follow":"follow","max-snippet":"max-snippet:-1","max-image-preview":"max-image-preview:large","max-video-preview":"max-video-preview:-1"},"canonical":"https:\/\/www.wirbelwirrwarr.de\/index.php\/genetik-fuer-nicht-genetiker\/","og_locale":"de_DE","og_type":"article","og_title":"Genetik f\u00fcr Nicht-Genetiker - wirbelwirrwarr","og_description":"Sicherlich wisst ihr, dass viele Merkmale, wie die Farbe eurer Augen oder die F\u00e4higkeit, die Zunge zu rollen, genetisch an euch weitergegeben worden sind. Auch EDS kann vererbt werden, und zwar auf zwei Wegen: entweder \u201eautosomal dominant\u201c oder \u201eautosomal rezessiv\u201c. \u201eAutosomal\u201c bedeutet, dass das betroffene Gen auf einem der Chromosomen liegt, die nicht das Geschlecht bestimmen. Bei der dominanten Vererbung reicht es aus, wenn das Gen von nur einem Elternteil \u00fcbertragen wird, um die Krankheit zu entwickeln. Bei der rezessiven Vererbung m\u00fcssen beide Elternteile eine Kopie des Gens weitergeben. Vielleicht nochmal etwas verst\u00e4ndlicher? Autosomal dominante Vererbung Stellt euch vor, [&hellip;]","og_url":"https:\/\/www.wirbelwirrwarr.de\/index.php\/genetik-fuer-nicht-genetiker\/","og_site_name":"wirbelwirrwarr","article_modified_time":"2024-03-19T13:34:41+00:00","og_image":[{"url":"https:\/\/www.wirbelwirrwarr.de\/wp-content\/uploads\/2024\/03\/gene-2-1024x768.png"}],"twitter_card":"summary_large_image","twitter_misc":{"Gesch\u00e4tzte Lesezeit":"3\u00a0Minuten"},"schema":{"@context":"https:\/\/schema.org","@graph":[{"@type":"WebPage","@id":"https:\/\/www.wirbelwirrwarr.de\/index.php\/genetik-fuer-nicht-genetiker\/","url":"https:\/\/www.wirbelwirrwarr.de\/index.php\/genetik-fuer-nicht-genetiker\/","name":"Genetik f\u00fcr Nicht-Genetiker - wirbelwirrwarr","isPartOf":{"@id":"https:\/\/www.wirbelwirrwarr.de\/#website"},"datePublished":"2024-03-19T08:58:47+00:00","dateModified":"2024-03-19T13:34:41+00:00","breadcrumb":{"@id":"https:\/\/www.wirbelwirrwarr.de\/index.php\/genetik-fuer-nicht-genetiker\/#breadcrumb"},"inLanguage":"de","potentialAction":[{"@type":"ReadAction","target":["https:\/\/www.wirbelwirrwarr.de\/index.php\/genetik-fuer-nicht-genetiker\/"]}]},{"@type":"BreadcrumbList","@id":"https:\/\/www.wirbelwirrwarr.de\/index.php\/genetik-fuer-nicht-genetiker\/#breadcrumb","itemListElement":[{"@type":"ListItem","position":1,"name":"Startseite","item":"https:\/\/www.wirbelwirrwarr.de\/"},{"@type":"ListItem","position":2,"name":"Genetik f\u00fcr Nicht-Genetiker"}]},{"@type":"WebSite","@id":"https:\/\/www.wirbelwirrwarr.de\/#website","url":"https:\/\/www.wirbelwirrwarr.de\/","name":"wirbelwirrwarr","description":"Wie eine unsichtbare Krankheit mein Leben bunt macht","publisher":{"@id":"https:\/\/www.wirbelwirrwarr.de\/#organization"},"potentialAction":[{"@type":"SearchAction","target":{"@type":"EntryPoint","urlTemplate":"https:\/\/www.wirbelwirrwarr.de\/?s={search_term_string}"},"query-input":"required name=search_term_string"}],"inLanguage":"de"},{"@type":"Organization","@id":"https:\/\/www.wirbelwirrwarr.de\/#organization","name":"wirbelwirrwarr","url":"https:\/\/www.wirbelwirrwarr.de\/","logo":{"@type":"ImageObject","inLanguage":"de","@id":"https:\/\/www.wirbelwirrwarr.de\/#\/schema\/logo\/image\/","url":"https:\/\/www.wirbelwirrwarr.de\/wp-content\/uploads\/2023\/02\/logoatlas9.svg","contentUrl":"https:\/\/www.wirbelwirrwarr.de\/wp-content\/uploads\/2023\/02\/logoatlas9.svg","caption":"wirbelwirrwarr"},"image":{"@id":"https:\/\/www.wirbelwirrwarr.de\/#\/schema\/logo\/image\/"}}]}},"_links":{"self":[{"href":"https:\/\/www.wirbelwirrwarr.de\/index.php\/wp-json\/wp\/v2\/pages\/15645"}],"collection":[{"href":"https:\/\/www.wirbelwirrwarr.de\/index.php\/wp-json\/wp\/v2\/pages"}],"about":[{"href":"https:\/\/www.wirbelwirrwarr.de\/index.php\/wp-json\/wp\/v2\/types\/page"}],"author":[{"embeddable":true,"href":"https:\/\/www.wirbelwirrwarr.de\/index.php\/wp-json\/wp\/v2\/users\/1"}],"replies":[{"embeddable":true,"href":"https:\/\/www.wirbelwirrwarr.de\/index.php\/wp-json\/wp\/v2\/comments?post=15645"}],"version-history":[{"count":5,"href":"https:\/\/www.wirbelwirrwarr.de\/index.php\/wp-json\/wp\/v2\/pages\/15645\/revisions"}],"predecessor-version":[{"id":15659,"href":"https:\/\/www.wirbelwirrwarr.de\/index.php\/wp-json\/wp\/v2\/pages\/15645\/revisions\/15659"}],"wp:attachment":[{"href":"https:\/\/www.wirbelwirrwarr.de\/index.php\/wp-json\/wp\/v2\/media?parent=15645"}],"curies":[{"name":"wp","href":"https:\/\/api.w.org\/{rel}","templated":true}]}}