{"id":13536,"date":"2023-05-17T08:01:06","date_gmt":"2023-05-17T06:01:06","guid":{"rendered":"https:\/\/www.wirbelwirrwarr.de\/?page_id=13536"},"modified":"2023-09-19T08:29:35","modified_gmt":"2023-09-19T06:29:35","slug":"gesichtsfelduntersuchung","status":"publish","type":"page","link":"https:\/\/www.wirbelwirrwarr.de\/index.php\/gesichtsfelduntersuchung\/","title":{"rendered":"Gesichtsfelduntersuchung"},"content":{"rendered":"\n<p>Eine Gesichtsfelduntersuchung ist ein diagnostischer Test, der verwendet wird, um das periphere Sichtfeld einer Person zu beurteilen. Das periphere Sichtfeld bezieht sich auf den Bereich au\u00dferhalb des zentralen Sichtfelds, den wir direkt vor uns sehen, wenn wir geradeaus schauen.<\/p>\n\n\n\n<p>Bei einer Gesichtsfelduntersuchung wird der Patient in der Regel vor einem Ger\u00e4t platziert, das einzelne Lichtpunkte oder Objekte erzeugt, die im Sichtfeld erscheinen. Der Patient wird aufgefordert, auf einen zentralen Fixationspunkt zu schauen und jedes Mal zu signalisieren, wenn er ein Licht oder Objekt in seinem peripheren Sichtfeld wahrnimmt.<\/p>\n\n\n\n<p>W\u00e4hrend des Tests werden verschiedene Bereiche des peripheren Sichtfelds untersucht, um festzustellen, ob es Einschr\u00e4nkungen, Ausf\u00e4lle oder Ver\u00e4nderungen gibt. Dies kann Hinweise auf verschiedene Erkrankungen oder Zust\u00e4nde liefern, einschlie\u00dflich Augenerkrankungen wie Glaukom, Netzhautsch\u00e4den, Gesichtsfeldverluste aufgrund von Schlaganf\u00e4llen oder Hirnverletzungen sowie neurologische Erkrankungen.<\/p>\n\n\n\n<p>Die Untersuchung wird von Augen\u00e4rzten, Neurologen und anderen medizinischen Fachleuten verwendet, um den Zustand des Sichtfelds zu bewerten und geeignete Behandlungspl\u00e4ne zu entwickeln.<\/p>\n\n\n\n<p>Dr. Kuklinski (2008) empfiehlt:<\/p>\n\n\n\n<ul>\n<li>Gesichtsfeldmessung beider Augen<\/li>\n\n\n\n<li>anschlie\u00dfend 20 Sekunden Kopfkreisen <\/li>\n\n\n\n<li>nochmalige Gesichtsfeldmessung des einen Auges<\/li>\n\n\n\n<li>wieder 20 Sekunden Kopfkreisen<\/li>\n\n\n\n<li>Gesichtsfeldmessung des anderen Auges<\/li>\n<\/ul>\n\n\n\n<div style=\"height:20px\" aria-hidden=\"true\" class=\"wp-block-spacer\"><\/div>\n\n\n\n<p>Denn: Bei Wackelh\u00e4lsen werden durch Belastungen im HWS-Bereich sympathicotone Spasmen ausgel\u00f6st. Es kommt zu Durchblutungsst\u00f6rungen des Gehirns, damit des kortikalen Sehzentrums und Sehnervs. Die Gesichtsfeldmessung unter Provokation (Kopfkreisen) kann Isch\u00e4mien (Durchblutungsst\u00f6rungen)\/Sauerstoffunterversorgungen der Netzhaut belegen, wie sie sich im Alltag mehrfach abspielen (Kuklinski, 2008 &amp; 2018).<\/p>\n\n\n\n<p>Betroffene sind stark lichtempfindlich und ben\u00f6tigen eine Sonnenbrille.<\/p>\n\n\n\n<hr class=\"wp-block-separator has-alpha-channel-opacity\"\/>\n\n\n\n<p><em>Kuklinski, B. (2008). Nitrosativer Stress \u2013 Teil 1. OM &amp; Ern\u00e4hrung. 124, 2-19.<\/em><\/p>\n\n\n\n<p><em>Kuklinski, B. (2018). Das HWS-Trauma. Aurum.<\/em><\/p>\n","protected":false},"excerpt":{"rendered":"<p>Eine Gesichtsfelduntersuchung ist ein diagnostischer Test, der verwendet wird, um das periphere Sichtfeld einer Person zu beurteilen. Das periphere Sichtfeld bezieht sich auf den Bereich au\u00dferhalb des zentralen Sichtfelds, den wir direkt vor uns sehen, wenn wir geradeaus schauen. Bei einer Gesichtsfelduntersuchung wird der Patient in der Regel vor einem Ger\u00e4t platziert, das einzelne Lichtpunkte oder Objekte erzeugt, die im Sichtfeld erscheinen. Der Patient wird aufgefordert, auf einen zentralen Fixationspunkt zu schauen und jedes Mal zu signalisieren, wenn er ein Licht oder Objekt in seinem peripheren Sichtfeld wahrnimmt. W\u00e4hrend des Tests werden verschiedene Bereiche des peripheren Sichtfelds untersucht, um [&hellip;]<\/p>\n","protected":false},"author":1,"featured_media":0,"parent":0,"menu_order":0,"comment_status":"closed","ping_status":"closed","template":"","meta":{"inline_featured_image":false,"footnotes":""},"yoast_head":"<!-- This site is optimized with the Yoast SEO plugin v21.8 - https:\/\/yoast.com\/wordpress\/plugins\/seo\/ -->\n<title>Gesichtsfelduntersuchung - wirbelwirrwarr<\/title>\n<meta name=\"description\" content=\"Eine Gesichtsfelduntersuchung ist ein diagnostischer Test, der verwendet wird, um das periphere Sichtfeld einer Person zu beurteilen.\" \/>\n<meta name=\"robots\" content=\"index, follow, max-snippet:-1, max-image-preview:large, max-video-preview:-1\" \/>\n<link rel=\"canonical\" href=\"https:\/\/www.wirbelwirrwarr.de\/index.php\/gesichtsfelduntersuchung\/\" \/>\n<meta property=\"og:locale\" content=\"de_DE\" \/>\n<meta property=\"og:type\" content=\"article\" \/>\n<meta property=\"og:title\" content=\"Gesichtsfelduntersuchung - wirbelwirrwarr\" \/>\n<meta property=\"og:description\" content=\"Eine Gesichtsfelduntersuchung ist ein diagnostischer Test, der verwendet wird, um das periphere Sichtfeld einer Person zu beurteilen.\" \/>\n<meta property=\"og:url\" content=\"https:\/\/www.wirbelwirrwarr.de\/index.php\/gesichtsfelduntersuchung\/\" \/>\n<meta property=\"og:site_name\" content=\"wirbelwirrwarr\" \/>\n<meta property=\"article:modified_time\" content=\"2023-09-19T06:29:35+00:00\" \/>\n<meta name=\"twitter:card\" content=\"summary_large_image\" \/>\n<meta name=\"twitter:label1\" content=\"Gesch\u00e4tzte Lesezeit\" \/>\n\t<meta name=\"twitter:data1\" content=\"2\u00a0Minuten\" \/>\n<script type=\"application\/ld+json\" class=\"yoast-schema-graph\">{\"@context\":\"https:\/\/schema.org\",\"@graph\":[{\"@type\":\"WebPage\",\"@id\":\"https:\/\/www.wirbelwirrwarr.de\/index.php\/gesichtsfelduntersuchung\/\",\"url\":\"https:\/\/www.wirbelwirrwarr.de\/index.php\/gesichtsfelduntersuchung\/\",\"name\":\"Gesichtsfelduntersuchung - wirbelwirrwarr\",\"isPartOf\":{\"@id\":\"https:\/\/www.wirbelwirrwarr.de\/#website\"},\"datePublished\":\"2023-05-17T06:01:06+00:00\",\"dateModified\":\"2023-09-19T06:29:35+00:00\",\"description\":\"Eine Gesichtsfelduntersuchung ist ein diagnostischer Test, der verwendet wird, um das periphere Sichtfeld einer Person zu beurteilen.\",\"breadcrumb\":{\"@id\":\"https:\/\/www.wirbelwirrwarr.de\/index.php\/gesichtsfelduntersuchung\/#breadcrumb\"},\"inLanguage\":\"de\",\"potentialAction\":[{\"@type\":\"ReadAction\",\"target\":[\"https:\/\/www.wirbelwirrwarr.de\/index.php\/gesichtsfelduntersuchung\/\"]}]},{\"@type\":\"BreadcrumbList\",\"@id\":\"https:\/\/www.wirbelwirrwarr.de\/index.php\/gesichtsfelduntersuchung\/#breadcrumb\",\"itemListElement\":[{\"@type\":\"ListItem\",\"position\":1,\"name\":\"Startseite\",\"item\":\"https:\/\/www.wirbelwirrwarr.de\/\"},{\"@type\":\"ListItem\",\"position\":2,\"name\":\"Gesichtsfelduntersuchung\"}]},{\"@type\":\"WebSite\",\"@id\":\"https:\/\/www.wirbelwirrwarr.de\/#website\",\"url\":\"https:\/\/www.wirbelwirrwarr.de\/\",\"name\":\"wirbelwirrwarr\",\"description\":\"Wie eine unsichtbare Krankheit mein Leben bunt macht\",\"publisher\":{\"@id\":\"https:\/\/www.wirbelwirrwarr.de\/#organization\"},\"potentialAction\":[{\"@type\":\"SearchAction\",\"target\":{\"@type\":\"EntryPoint\",\"urlTemplate\":\"https:\/\/www.wirbelwirrwarr.de\/?s={search_term_string}\"},\"query-input\":\"required name=search_term_string\"}],\"inLanguage\":\"de\"},{\"@type\":\"Organization\",\"@id\":\"https:\/\/www.wirbelwirrwarr.de\/#organization\",\"name\":\"wirbelwirrwarr\",\"url\":\"https:\/\/www.wirbelwirrwarr.de\/\",\"logo\":{\"@type\":\"ImageObject\",\"inLanguage\":\"de\",\"@id\":\"https:\/\/www.wirbelwirrwarr.de\/#\/schema\/logo\/image\/\",\"url\":\"https:\/\/www.wirbelwirrwarr.de\/wp-content\/uploads\/2023\/02\/logoatlas9.svg\",\"contentUrl\":\"https:\/\/www.wirbelwirrwarr.de\/wp-content\/uploads\/2023\/02\/logoatlas9.svg\",\"caption\":\"wirbelwirrwarr\"},\"image\":{\"@id\":\"https:\/\/www.wirbelwirrwarr.de\/#\/schema\/logo\/image\/\"}}]}<\/script>\n<!-- \/ Yoast SEO plugin. -->","yoast_head_json":{"title":"Gesichtsfelduntersuchung - wirbelwirrwarr","description":"Eine Gesichtsfelduntersuchung ist ein diagnostischer Test, der verwendet wird, um das periphere Sichtfeld einer Person zu beurteilen.","robots":{"index":"index","follow":"follow","max-snippet":"max-snippet:-1","max-image-preview":"max-image-preview:large","max-video-preview":"max-video-preview:-1"},"canonical":"https:\/\/www.wirbelwirrwarr.de\/index.php\/gesichtsfelduntersuchung\/","og_locale":"de_DE","og_type":"article","og_title":"Gesichtsfelduntersuchung - wirbelwirrwarr","og_description":"Eine Gesichtsfelduntersuchung ist ein diagnostischer Test, der verwendet wird, um das periphere Sichtfeld einer Person zu beurteilen.","og_url":"https:\/\/www.wirbelwirrwarr.de\/index.php\/gesichtsfelduntersuchung\/","og_site_name":"wirbelwirrwarr","article_modified_time":"2023-09-19T06:29:35+00:00","twitter_card":"summary_large_image","twitter_misc":{"Gesch\u00e4tzte Lesezeit":"2\u00a0Minuten"},"schema":{"@context":"https:\/\/schema.org","@graph":[{"@type":"WebPage","@id":"https:\/\/www.wirbelwirrwarr.de\/index.php\/gesichtsfelduntersuchung\/","url":"https:\/\/www.wirbelwirrwarr.de\/index.php\/gesichtsfelduntersuchung\/","name":"Gesichtsfelduntersuchung - wirbelwirrwarr","isPartOf":{"@id":"https:\/\/www.wirbelwirrwarr.de\/#website"},"datePublished":"2023-05-17T06:01:06+00:00","dateModified":"2023-09-19T06:29:35+00:00","description":"Eine Gesichtsfelduntersuchung ist ein diagnostischer Test, der verwendet wird, um das periphere Sichtfeld einer Person zu beurteilen.","breadcrumb":{"@id":"https:\/\/www.wirbelwirrwarr.de\/index.php\/gesichtsfelduntersuchung\/#breadcrumb"},"inLanguage":"de","potentialAction":[{"@type":"ReadAction","target":["https:\/\/www.wirbelwirrwarr.de\/index.php\/gesichtsfelduntersuchung\/"]}]},{"@type":"BreadcrumbList","@id":"https:\/\/www.wirbelwirrwarr.de\/index.php\/gesichtsfelduntersuchung\/#breadcrumb","itemListElement":[{"@type":"ListItem","position":1,"name":"Startseite","item":"https:\/\/www.wirbelwirrwarr.de\/"},{"@type":"ListItem","position":2,"name":"Gesichtsfelduntersuchung"}]},{"@type":"WebSite","@id":"https:\/\/www.wirbelwirrwarr.de\/#website","url":"https:\/\/www.wirbelwirrwarr.de\/","name":"wirbelwirrwarr","description":"Wie eine unsichtbare Krankheit mein Leben bunt macht","publisher":{"@id":"https:\/\/www.wirbelwirrwarr.de\/#organization"},"potentialAction":[{"@type":"SearchAction","target":{"@type":"EntryPoint","urlTemplate":"https:\/\/www.wirbelwirrwarr.de\/?s={search_term_string}"},"query-input":"required name=search_term_string"}],"inLanguage":"de"},{"@type":"Organization","@id":"https:\/\/www.wirbelwirrwarr.de\/#organization","name":"wirbelwirrwarr","url":"https:\/\/www.wirbelwirrwarr.de\/","logo":{"@type":"ImageObject","inLanguage":"de","@id":"https:\/\/www.wirbelwirrwarr.de\/#\/schema\/logo\/image\/","url":"https:\/\/www.wirbelwirrwarr.de\/wp-content\/uploads\/2023\/02\/logoatlas9.svg","contentUrl":"https:\/\/www.wirbelwirrwarr.de\/wp-content\/uploads\/2023\/02\/logoatlas9.svg","caption":"wirbelwirrwarr"},"image":{"@id":"https:\/\/www.wirbelwirrwarr.de\/#\/schema\/logo\/image\/"}}]}},"_links":{"self":[{"href":"https:\/\/www.wirbelwirrwarr.de\/index.php\/wp-json\/wp\/v2\/pages\/13536"}],"collection":[{"href":"https:\/\/www.wirbelwirrwarr.de\/index.php\/wp-json\/wp\/v2\/pages"}],"about":[{"href":"https:\/\/www.wirbelwirrwarr.de\/index.php\/wp-json\/wp\/v2\/types\/page"}],"author":[{"embeddable":true,"href":"https:\/\/www.wirbelwirrwarr.de\/index.php\/wp-json\/wp\/v2\/users\/1"}],"replies":[{"embeddable":true,"href":"https:\/\/www.wirbelwirrwarr.de\/index.php\/wp-json\/wp\/v2\/comments?post=13536"}],"version-history":[{"count":8,"href":"https:\/\/www.wirbelwirrwarr.de\/index.php\/wp-json\/wp\/v2\/pages\/13536\/revisions"}],"predecessor-version":[{"id":14544,"href":"https:\/\/www.wirbelwirrwarr.de\/index.php\/wp-json\/wp\/v2\/pages\/13536\/revisions\/14544"}],"wp:attachment":[{"href":"https:\/\/www.wirbelwirrwarr.de\/index.php\/wp-json\/wp\/v2\/media?parent=13536"}],"curies":[{"name":"wp","href":"https:\/\/api.w.org\/{rel}","templated":true}]}}