{"id":13528,"date":"2023-05-17T07:33:19","date_gmt":"2023-05-17T05:33:19","guid":{"rendered":"https:\/\/www.wirbelwirrwarr.de\/?page_id=13528"},"modified":"2023-05-17T07:33:19","modified_gmt":"2023-05-17T05:33:19","slug":"mrt","status":"publish","type":"page","link":"https:\/\/www.wirbelwirrwarr.de\/index.php\/mrt\/","title":{"rendered":"MRT"},"content":{"rendered":"\n<p>Ein MRT (Magnetresonanztomographie) ist ein medizinisches Bildgebungsverfahren, das hochaufl\u00f6sende dreidimensionale Bilder des K\u00f6rperinneren erzeugt. Es basiert auf den Prinzipien der Magnetfelder und der Kernspinresonanz.<\/p>\n\n\n\n<p>Bei einem MRT liegt der Patient in einer gro\u00dfen R\u00f6hre, die von einem starken Magnetfeld umgeben ist. Dieses Magnetfeld bringt die Wasserstoffatome in den K\u00f6rpergeweben zum Ausrichten. Anschlie\u00dfend werden Radiowellen in den K\u00f6rper gesendet, die diese Ausrichtung vor\u00fcbergehend ver\u00e4ndert.<\/p>\n\n\n\n<p>W\u00e4hrend die Wasserstoffatome wieder in ihre urspr\u00fcngliche Lage zur\u00fcckkehren, senden sie schwache Signale aus, die von den MRT-Ger\u00e4ten aufgefangen und analysiert werden. Ein Computer verarbeitet diese Signale und erzeugt hochaufl\u00f6sende Bilder, die detaillierte Informationen \u00fcber die Gewebe und Organe im K\u00f6rper liefern.<\/p>\n\n\n\n<p>Wackelh\u00e4lse wissen, dass statische MRT-Aufnahmen nicht geeignet sind, um eine Funktionsst\u00f6rung der Halswirbels\u00e4ule darzustellen. <strong>ABER! Nitrosativer Stress l\u00f6st h\u00e4ufig stumme Infarkte sowie Hirnatrophie aus.<\/strong> Und das l\u00e4sst sich im &#8222;0-8-15-MRT&#8220; durchaus erkennen. <\/p>\n","protected":false},"excerpt":{"rendered":"<p>Ein MRT (Magnetresonanztomographie) ist ein medizinisches Bildgebungsverfahren, das hochaufl\u00f6sende dreidimensionale Bilder des K\u00f6rperinneren erzeugt. Es basiert auf den Prinzipien der Magnetfelder und der Kernspinresonanz. Bei einem MRT liegt der Patient in einer gro\u00dfen R\u00f6hre, die von einem starken Magnetfeld umgeben ist. Dieses Magnetfeld bringt die Wasserstoffatome in den K\u00f6rpergeweben zum Ausrichten. Anschlie\u00dfend werden Radiowellen in den K\u00f6rper gesendet, die diese Ausrichtung vor\u00fcbergehend ver\u00e4ndert. W\u00e4hrend die Wasserstoffatome wieder in ihre urspr\u00fcngliche Lage zur\u00fcckkehren, senden sie schwache Signale aus, die von den MRT-Ger\u00e4ten aufgefangen und analysiert werden. Ein Computer verarbeitet diese Signale und erzeugt hochaufl\u00f6sende Bilder, die detaillierte Informationen \u00fcber die [&hellip;]<\/p>\n","protected":false},"author":1,"featured_media":0,"parent":0,"menu_order":0,"comment_status":"closed","ping_status":"closed","template":"","meta":{"inline_featured_image":false,"footnotes":""},"yoast_head":"<!-- This site is optimized with the Yoast SEO plugin v21.8 - https:\/\/yoast.com\/wordpress\/plugins\/seo\/ -->\n<title>MRT - wirbelwirrwarr<\/title>\n<meta name=\"robots\" content=\"index, follow, max-snippet:-1, max-image-preview:large, max-video-preview:-1\" \/>\n<link rel=\"canonical\" href=\"https:\/\/www.wirbelwirrwarr.de\/index.php\/mrt\/\" \/>\n<meta property=\"og:locale\" content=\"de_DE\" \/>\n<meta property=\"og:type\" content=\"article\" \/>\n<meta property=\"og:title\" content=\"MRT - wirbelwirrwarr\" \/>\n<meta property=\"og:description\" content=\"Ein MRT (Magnetresonanztomographie) ist ein medizinisches Bildgebungsverfahren, das hochaufl\u00f6sende dreidimensionale Bilder des K\u00f6rperinneren erzeugt. Es basiert auf den Prinzipien der Magnetfelder und der Kernspinresonanz. Bei einem MRT liegt der Patient in einer gro\u00dfen R\u00f6hre, die von einem starken Magnetfeld umgeben ist. Dieses Magnetfeld bringt die Wasserstoffatome in den K\u00f6rpergeweben zum Ausrichten. Anschlie\u00dfend werden Radiowellen in den K\u00f6rper gesendet, die diese Ausrichtung vor\u00fcbergehend ver\u00e4ndert. W\u00e4hrend die Wasserstoffatome wieder in ihre urspr\u00fcngliche Lage zur\u00fcckkehren, senden sie schwache Signale aus, die von den MRT-Ger\u00e4ten aufgefangen und analysiert werden. Ein Computer verarbeitet diese Signale und erzeugt hochaufl\u00f6sende Bilder, die detaillierte Informationen \u00fcber die [&hellip;]\" \/>\n<meta property=\"og:url\" content=\"https:\/\/www.wirbelwirrwarr.de\/index.php\/mrt\/\" \/>\n<meta property=\"og:site_name\" content=\"wirbelwirrwarr\" \/>\n<meta name=\"twitter:card\" content=\"summary_large_image\" \/>\n<meta name=\"twitter:label1\" content=\"Gesch\u00e4tzte Lesezeit\" \/>\n\t<meta name=\"twitter:data1\" content=\"1\u00a0Minute\" \/>\n<script type=\"application\/ld+json\" class=\"yoast-schema-graph\">{\"@context\":\"https:\/\/schema.org\",\"@graph\":[{\"@type\":\"WebPage\",\"@id\":\"https:\/\/www.wirbelwirrwarr.de\/index.php\/mrt\/\",\"url\":\"https:\/\/www.wirbelwirrwarr.de\/index.php\/mrt\/\",\"name\":\"MRT - wirbelwirrwarr\",\"isPartOf\":{\"@id\":\"https:\/\/www.wirbelwirrwarr.de\/#website\"},\"datePublished\":\"2023-05-17T05:33:19+00:00\",\"dateModified\":\"2023-05-17T05:33:19+00:00\",\"breadcrumb\":{\"@id\":\"https:\/\/www.wirbelwirrwarr.de\/index.php\/mrt\/#breadcrumb\"},\"inLanguage\":\"de\",\"potentialAction\":[{\"@type\":\"ReadAction\",\"target\":[\"https:\/\/www.wirbelwirrwarr.de\/index.php\/mrt\/\"]}]},{\"@type\":\"BreadcrumbList\",\"@id\":\"https:\/\/www.wirbelwirrwarr.de\/index.php\/mrt\/#breadcrumb\",\"itemListElement\":[{\"@type\":\"ListItem\",\"position\":1,\"name\":\"Startseite\",\"item\":\"https:\/\/www.wirbelwirrwarr.de\/\"},{\"@type\":\"ListItem\",\"position\":2,\"name\":\"MRT\"}]},{\"@type\":\"WebSite\",\"@id\":\"https:\/\/www.wirbelwirrwarr.de\/#website\",\"url\":\"https:\/\/www.wirbelwirrwarr.de\/\",\"name\":\"wirbelwirrwarr\",\"description\":\"Wie eine unsichtbare Krankheit mein Leben bunt macht\",\"publisher\":{\"@id\":\"https:\/\/www.wirbelwirrwarr.de\/#organization\"},\"potentialAction\":[{\"@type\":\"SearchAction\",\"target\":{\"@type\":\"EntryPoint\",\"urlTemplate\":\"https:\/\/www.wirbelwirrwarr.de\/?s={search_term_string}\"},\"query-input\":\"required name=search_term_string\"}],\"inLanguage\":\"de\"},{\"@type\":\"Organization\",\"@id\":\"https:\/\/www.wirbelwirrwarr.de\/#organization\",\"name\":\"wirbelwirrwarr\",\"url\":\"https:\/\/www.wirbelwirrwarr.de\/\",\"logo\":{\"@type\":\"ImageObject\",\"inLanguage\":\"de\",\"@id\":\"https:\/\/www.wirbelwirrwarr.de\/#\/schema\/logo\/image\/\",\"url\":\"https:\/\/www.wirbelwirrwarr.de\/wp-content\/uploads\/2023\/02\/logoatlas9.svg\",\"contentUrl\":\"https:\/\/www.wirbelwirrwarr.de\/wp-content\/uploads\/2023\/02\/logoatlas9.svg\",\"caption\":\"wirbelwirrwarr\"},\"image\":{\"@id\":\"https:\/\/www.wirbelwirrwarr.de\/#\/schema\/logo\/image\/\"}}]}<\/script>\n<!-- \/ Yoast SEO plugin. -->","yoast_head_json":{"title":"MRT - wirbelwirrwarr","robots":{"index":"index","follow":"follow","max-snippet":"max-snippet:-1","max-image-preview":"max-image-preview:large","max-video-preview":"max-video-preview:-1"},"canonical":"https:\/\/www.wirbelwirrwarr.de\/index.php\/mrt\/","og_locale":"de_DE","og_type":"article","og_title":"MRT - wirbelwirrwarr","og_description":"Ein MRT (Magnetresonanztomographie) ist ein medizinisches Bildgebungsverfahren, das hochaufl\u00f6sende dreidimensionale Bilder des K\u00f6rperinneren erzeugt. Es basiert auf den Prinzipien der Magnetfelder und der Kernspinresonanz. Bei einem MRT liegt der Patient in einer gro\u00dfen R\u00f6hre, die von einem starken Magnetfeld umgeben ist. Dieses Magnetfeld bringt die Wasserstoffatome in den K\u00f6rpergeweben zum Ausrichten. Anschlie\u00dfend werden Radiowellen in den K\u00f6rper gesendet, die diese Ausrichtung vor\u00fcbergehend ver\u00e4ndert. W\u00e4hrend die Wasserstoffatome wieder in ihre urspr\u00fcngliche Lage zur\u00fcckkehren, senden sie schwache Signale aus, die von den MRT-Ger\u00e4ten aufgefangen und analysiert werden. Ein Computer verarbeitet diese Signale und erzeugt hochaufl\u00f6sende Bilder, die detaillierte Informationen \u00fcber die [&hellip;]","og_url":"https:\/\/www.wirbelwirrwarr.de\/index.php\/mrt\/","og_site_name":"wirbelwirrwarr","twitter_card":"summary_large_image","twitter_misc":{"Gesch\u00e4tzte Lesezeit":"1\u00a0Minute"},"schema":{"@context":"https:\/\/schema.org","@graph":[{"@type":"WebPage","@id":"https:\/\/www.wirbelwirrwarr.de\/index.php\/mrt\/","url":"https:\/\/www.wirbelwirrwarr.de\/index.php\/mrt\/","name":"MRT - wirbelwirrwarr","isPartOf":{"@id":"https:\/\/www.wirbelwirrwarr.de\/#website"},"datePublished":"2023-05-17T05:33:19+00:00","dateModified":"2023-05-17T05:33:19+00:00","breadcrumb":{"@id":"https:\/\/www.wirbelwirrwarr.de\/index.php\/mrt\/#breadcrumb"},"inLanguage":"de","potentialAction":[{"@type":"ReadAction","target":["https:\/\/www.wirbelwirrwarr.de\/index.php\/mrt\/"]}]},{"@type":"BreadcrumbList","@id":"https:\/\/www.wirbelwirrwarr.de\/index.php\/mrt\/#breadcrumb","itemListElement":[{"@type":"ListItem","position":1,"name":"Startseite","item":"https:\/\/www.wirbelwirrwarr.de\/"},{"@type":"ListItem","position":2,"name":"MRT"}]},{"@type":"WebSite","@id":"https:\/\/www.wirbelwirrwarr.de\/#website","url":"https:\/\/www.wirbelwirrwarr.de\/","name":"wirbelwirrwarr","description":"Wie eine unsichtbare Krankheit mein Leben bunt macht","publisher":{"@id":"https:\/\/www.wirbelwirrwarr.de\/#organization"},"potentialAction":[{"@type":"SearchAction","target":{"@type":"EntryPoint","urlTemplate":"https:\/\/www.wirbelwirrwarr.de\/?s={search_term_string}"},"query-input":"required name=search_term_string"}],"inLanguage":"de"},{"@type":"Organization","@id":"https:\/\/www.wirbelwirrwarr.de\/#organization","name":"wirbelwirrwarr","url":"https:\/\/www.wirbelwirrwarr.de\/","logo":{"@type":"ImageObject","inLanguage":"de","@id":"https:\/\/www.wirbelwirrwarr.de\/#\/schema\/logo\/image\/","url":"https:\/\/www.wirbelwirrwarr.de\/wp-content\/uploads\/2023\/02\/logoatlas9.svg","contentUrl":"https:\/\/www.wirbelwirrwarr.de\/wp-content\/uploads\/2023\/02\/logoatlas9.svg","caption":"wirbelwirrwarr"},"image":{"@id":"https:\/\/www.wirbelwirrwarr.de\/#\/schema\/logo\/image\/"}}]}},"_links":{"self":[{"href":"https:\/\/www.wirbelwirrwarr.de\/index.php\/wp-json\/wp\/v2\/pages\/13528"}],"collection":[{"href":"https:\/\/www.wirbelwirrwarr.de\/index.php\/wp-json\/wp\/v2\/pages"}],"about":[{"href":"https:\/\/www.wirbelwirrwarr.de\/index.php\/wp-json\/wp\/v2\/types\/page"}],"author":[{"embeddable":true,"href":"https:\/\/www.wirbelwirrwarr.de\/index.php\/wp-json\/wp\/v2\/users\/1"}],"replies":[{"embeddable":true,"href":"https:\/\/www.wirbelwirrwarr.de\/index.php\/wp-json\/wp\/v2\/comments?post=13528"}],"version-history":[{"count":1,"href":"https:\/\/www.wirbelwirrwarr.de\/index.php\/wp-json\/wp\/v2\/pages\/13528\/revisions"}],"predecessor-version":[{"id":13529,"href":"https:\/\/www.wirbelwirrwarr.de\/index.php\/wp-json\/wp\/v2\/pages\/13528\/revisions\/13529"}],"wp:attachment":[{"href":"https:\/\/www.wirbelwirrwarr.de\/index.php\/wp-json\/wp\/v2\/media?parent=13528"}],"curies":[{"name":"wp","href":"https:\/\/api.w.org\/{rel}","templated":true}]}}