{"id":11290,"date":"2023-02-04T18:17:29","date_gmt":"2023-02-04T17:17:29","guid":{"rendered":"https:\/\/www.wirbelwirrwarr.de\/?page_id=11290"},"modified":"2023-02-04T18:17:29","modified_gmt":"2023-02-04T17:17:29","slug":"3d-ct-in-rotation","status":"publish","type":"page","link":"https:\/\/www.wirbelwirrwarr.de\/index.php\/3d-ct-in-rotation\/","title":{"rendered":"3D-CT in Rotation"},"content":{"rendered":"\n<p>In R\u00fcckenlage werden zun\u00e4chst Aufnahmen mit neutral eingestellter Halswirbels\u00e4ule angefertigt, bevor der Kopf in Links- und Rechtsrotation gebracht wird. Beurteilt werden k\u00f6nnen haupts\u00e4chlich kn\u00f6cherne Strukturen, worunter auch ganz klar der Atlas und der Axis z\u00e4hlen und ihre Stellung zueinander bzw. die Stellung des Atlas zum Sch\u00e4del. Ein CT sollte nur bei ausreichendem Verdacht angefertigt werden, da damit eine nicht zu vernachl\u00e4ssigende Strahlenbelastung einhergeht.<\/p>\n","protected":false},"excerpt":{"rendered":"<p>In R\u00fcckenlage werden zun\u00e4chst Aufnahmen mit neutral eingestellter Halswirbels\u00e4ule angefertigt, bevor der Kopf in Links- und Rechtsrotation gebracht wird. Beurteilt werden k\u00f6nnen haupts\u00e4chlich kn\u00f6cherne Strukturen, worunter auch ganz klar der Atlas und der Axis z\u00e4hlen und ihre Stellung zueinander bzw. die Stellung des Atlas zum Sch\u00e4del. Ein CT sollte nur bei ausreichendem Verdacht angefertigt werden, da damit eine nicht zu vernachl\u00e4ssigende Strahlenbelastung einhergeht.<\/p>\n","protected":false},"author":1,"featured_media":0,"parent":0,"menu_order":0,"comment_status":"closed","ping_status":"closed","template":"","meta":{"inline_featured_image":false,"footnotes":""},"yoast_head":"<!-- This site is optimized with the Yoast SEO plugin v21.8 - https:\/\/yoast.com\/wordpress\/plugins\/seo\/ -->\n<title>3D-CT in Rotation - wirbelwirrwarr<\/title>\n<meta name=\"robots\" content=\"index, follow, max-snippet:-1, max-image-preview:large, max-video-preview:-1\" \/>\n<link rel=\"canonical\" href=\"https:\/\/www.wirbelwirrwarr.de\/index.php\/3d-ct-in-rotation\/\" \/>\n<meta property=\"og:locale\" content=\"de_DE\" \/>\n<meta property=\"og:type\" content=\"article\" \/>\n<meta property=\"og:title\" content=\"3D-CT in Rotation - wirbelwirrwarr\" \/>\n<meta property=\"og:description\" content=\"In R\u00fcckenlage werden zun\u00e4chst Aufnahmen mit neutral eingestellter Halswirbels\u00e4ule angefertigt, bevor der Kopf in Links- und Rechtsrotation gebracht wird. Beurteilt werden k\u00f6nnen haupts\u00e4chlich kn\u00f6cherne Strukturen, worunter auch ganz klar der Atlas und der Axis z\u00e4hlen und ihre Stellung zueinander bzw. die Stellung des Atlas zum Sch\u00e4del. Ein CT sollte nur bei ausreichendem Verdacht angefertigt werden, da damit eine nicht zu vernachl\u00e4ssigende Strahlenbelastung einhergeht.\" \/>\n<meta property=\"og:url\" content=\"https:\/\/www.wirbelwirrwarr.de\/index.php\/3d-ct-in-rotation\/\" \/>\n<meta property=\"og:site_name\" content=\"wirbelwirrwarr\" \/>\n<meta name=\"twitter:card\" content=\"summary_large_image\" \/>\n<script type=\"application\/ld+json\" class=\"yoast-schema-graph\">{\"@context\":\"https:\/\/schema.org\",\"@graph\":[{\"@type\":\"WebPage\",\"@id\":\"https:\/\/www.wirbelwirrwarr.de\/index.php\/3d-ct-in-rotation\/\",\"url\":\"https:\/\/www.wirbelwirrwarr.de\/index.php\/3d-ct-in-rotation\/\",\"name\":\"3D-CT in Rotation - wirbelwirrwarr\",\"isPartOf\":{\"@id\":\"https:\/\/www.wirbelwirrwarr.de\/#website\"},\"datePublished\":\"2023-02-04T17:17:29+00:00\",\"dateModified\":\"2023-02-04T17:17:29+00:00\",\"breadcrumb\":{\"@id\":\"https:\/\/www.wirbelwirrwarr.de\/index.php\/3d-ct-in-rotation\/#breadcrumb\"},\"inLanguage\":\"de\",\"potentialAction\":[{\"@type\":\"ReadAction\",\"target\":[\"https:\/\/www.wirbelwirrwarr.de\/index.php\/3d-ct-in-rotation\/\"]}]},{\"@type\":\"BreadcrumbList\",\"@id\":\"https:\/\/www.wirbelwirrwarr.de\/index.php\/3d-ct-in-rotation\/#breadcrumb\",\"itemListElement\":[{\"@type\":\"ListItem\",\"position\":1,\"name\":\"Startseite\",\"item\":\"https:\/\/www.wirbelwirrwarr.de\/\"},{\"@type\":\"ListItem\",\"position\":2,\"name\":\"3D-CT in Rotation\"}]},{\"@type\":\"WebSite\",\"@id\":\"https:\/\/www.wirbelwirrwarr.de\/#website\",\"url\":\"https:\/\/www.wirbelwirrwarr.de\/\",\"name\":\"wirbelwirrwarr\",\"description\":\"Wie eine unsichtbare Krankheit mein Leben bunt macht\",\"publisher\":{\"@id\":\"https:\/\/www.wirbelwirrwarr.de\/#organization\"},\"potentialAction\":[{\"@type\":\"SearchAction\",\"target\":{\"@type\":\"EntryPoint\",\"urlTemplate\":\"https:\/\/www.wirbelwirrwarr.de\/?s={search_term_string}\"},\"query-input\":\"required name=search_term_string\"}],\"inLanguage\":\"de\"},{\"@type\":\"Organization\",\"@id\":\"https:\/\/www.wirbelwirrwarr.de\/#organization\",\"name\":\"wirbelwirrwarr\",\"url\":\"https:\/\/www.wirbelwirrwarr.de\/\",\"logo\":{\"@type\":\"ImageObject\",\"inLanguage\":\"de\",\"@id\":\"https:\/\/www.wirbelwirrwarr.de\/#\/schema\/logo\/image\/\",\"url\":\"https:\/\/www.wirbelwirrwarr.de\/wp-content\/uploads\/2023\/02\/logoatlas9.svg\",\"contentUrl\":\"https:\/\/www.wirbelwirrwarr.de\/wp-content\/uploads\/2023\/02\/logoatlas9.svg\",\"caption\":\"wirbelwirrwarr\"},\"image\":{\"@id\":\"https:\/\/www.wirbelwirrwarr.de\/#\/schema\/logo\/image\/\"}}]}<\/script>\n<!-- \/ Yoast SEO plugin. -->","yoast_head_json":{"title":"3D-CT in Rotation - wirbelwirrwarr","robots":{"index":"index","follow":"follow","max-snippet":"max-snippet:-1","max-image-preview":"max-image-preview:large","max-video-preview":"max-video-preview:-1"},"canonical":"https:\/\/www.wirbelwirrwarr.de\/index.php\/3d-ct-in-rotation\/","og_locale":"de_DE","og_type":"article","og_title":"3D-CT in Rotation - wirbelwirrwarr","og_description":"In R\u00fcckenlage werden zun\u00e4chst Aufnahmen mit neutral eingestellter Halswirbels\u00e4ule angefertigt, bevor der Kopf in Links- und Rechtsrotation gebracht wird. Beurteilt werden k\u00f6nnen haupts\u00e4chlich kn\u00f6cherne Strukturen, worunter auch ganz klar der Atlas und der Axis z\u00e4hlen und ihre Stellung zueinander bzw. die Stellung des Atlas zum Sch\u00e4del. Ein CT sollte nur bei ausreichendem Verdacht angefertigt werden, da damit eine nicht zu vernachl\u00e4ssigende Strahlenbelastung einhergeht.","og_url":"https:\/\/www.wirbelwirrwarr.de\/index.php\/3d-ct-in-rotation\/","og_site_name":"wirbelwirrwarr","twitter_card":"summary_large_image","schema":{"@context":"https:\/\/schema.org","@graph":[{"@type":"WebPage","@id":"https:\/\/www.wirbelwirrwarr.de\/index.php\/3d-ct-in-rotation\/","url":"https:\/\/www.wirbelwirrwarr.de\/index.php\/3d-ct-in-rotation\/","name":"3D-CT in Rotation - wirbelwirrwarr","isPartOf":{"@id":"https:\/\/www.wirbelwirrwarr.de\/#website"},"datePublished":"2023-02-04T17:17:29+00:00","dateModified":"2023-02-04T17:17:29+00:00","breadcrumb":{"@id":"https:\/\/www.wirbelwirrwarr.de\/index.php\/3d-ct-in-rotation\/#breadcrumb"},"inLanguage":"de","potentialAction":[{"@type":"ReadAction","target":["https:\/\/www.wirbelwirrwarr.de\/index.php\/3d-ct-in-rotation\/"]}]},{"@type":"BreadcrumbList","@id":"https:\/\/www.wirbelwirrwarr.de\/index.php\/3d-ct-in-rotation\/#breadcrumb","itemListElement":[{"@type":"ListItem","position":1,"name":"Startseite","item":"https:\/\/www.wirbelwirrwarr.de\/"},{"@type":"ListItem","position":2,"name":"3D-CT in Rotation"}]},{"@type":"WebSite","@id":"https:\/\/www.wirbelwirrwarr.de\/#website","url":"https:\/\/www.wirbelwirrwarr.de\/","name":"wirbelwirrwarr","description":"Wie eine unsichtbare Krankheit mein Leben bunt macht","publisher":{"@id":"https:\/\/www.wirbelwirrwarr.de\/#organization"},"potentialAction":[{"@type":"SearchAction","target":{"@type":"EntryPoint","urlTemplate":"https:\/\/www.wirbelwirrwarr.de\/?s={search_term_string}"},"query-input":"required name=search_term_string"}],"inLanguage":"de"},{"@type":"Organization","@id":"https:\/\/www.wirbelwirrwarr.de\/#organization","name":"wirbelwirrwarr","url":"https:\/\/www.wirbelwirrwarr.de\/","logo":{"@type":"ImageObject","inLanguage":"de","@id":"https:\/\/www.wirbelwirrwarr.de\/#\/schema\/logo\/image\/","url":"https:\/\/www.wirbelwirrwarr.de\/wp-content\/uploads\/2023\/02\/logoatlas9.svg","contentUrl":"https:\/\/www.wirbelwirrwarr.de\/wp-content\/uploads\/2023\/02\/logoatlas9.svg","caption":"wirbelwirrwarr"},"image":{"@id":"https:\/\/www.wirbelwirrwarr.de\/#\/schema\/logo\/image\/"}}]}},"_links":{"self":[{"href":"https:\/\/www.wirbelwirrwarr.de\/index.php\/wp-json\/wp\/v2\/pages\/11290"}],"collection":[{"href":"https:\/\/www.wirbelwirrwarr.de\/index.php\/wp-json\/wp\/v2\/pages"}],"about":[{"href":"https:\/\/www.wirbelwirrwarr.de\/index.php\/wp-json\/wp\/v2\/types\/page"}],"author":[{"embeddable":true,"href":"https:\/\/www.wirbelwirrwarr.de\/index.php\/wp-json\/wp\/v2\/users\/1"}],"replies":[{"embeddable":true,"href":"https:\/\/www.wirbelwirrwarr.de\/index.php\/wp-json\/wp\/v2\/comments?post=11290"}],"version-history":[{"count":1,"href":"https:\/\/www.wirbelwirrwarr.de\/index.php\/wp-json\/wp\/v2\/pages\/11290\/revisions"}],"predecessor-version":[{"id":11291,"href":"https:\/\/www.wirbelwirrwarr.de\/index.php\/wp-json\/wp\/v2\/pages\/11290\/revisions\/11291"}],"wp:attachment":[{"href":"https:\/\/www.wirbelwirrwarr.de\/index.php\/wp-json\/wp\/v2\/media?parent=11290"}],"curies":[{"name":"wp","href":"https:\/\/api.w.org\/{rel}","templated":true}]}}